CRAN Package Check Results for Package packDAMipd

Last updated on 2021-12-05 06:48:49 CET.

Flavor Version Tinstall Tcheck Ttotal Status Flags
r-devel-linux-x86_64-debian-clang 0.2.2 25.29 337.15 362.44 OK
r-devel-linux-x86_64-debian-gcc 0.2.2 19.70 252.23 271.93 OK
r-devel-linux-x86_64-fedora-clang 0.2.2 432.76 NOTE
r-devel-linux-x86_64-fedora-gcc 0.2.2 421.97 NOTE
r-devel-windows-x86_64-new-UL 0.2.2 61.00 493.00 554.00 OK
r-devel-windows-x86_64-new-TK 0.2.2 NOTE
r-devel-windows-x86_64-old 0.2.2 37.00 344.00 381.00 OK
r-patched-linux-x86_64 0.2.2 24.96 331.57 356.53 OK
r-release-linux-x86_64 0.2.2 24.86 335.01 359.87 OK
r-release-macos-arm64 0.2.2 NOTE
r-release-macos-x86_64 0.2.2 NOTE
r-release-windows-ix86+x86_64 0.2.2 58.00 482.00 540.00 OK
r-oldrel-macos-x86_64 0.2.2 NOTE
r-oldrel-windows-ix86+x86_64 0.2.2 67.00 475.00 542.00 OK

Check Details

Version: 0.2.2
Check: package dependencies
Result: NOTE
    Imports includes 29 non-default packages.
    Importing from so many packages makes the package vulnerable to any of
    them becoming unavailable. Move as many as possible to Suggests and
    use conditionally.
Flavor: r-devel-linux-x86_64-fedora-clang

Version: 0.2.2
Check: dependencies in R code
Result: NOTE
    Namespaces in Imports field not imported from:
     ‘flexsurv’ ‘nlme’ ‘tibble’ ‘tidyverse’ ‘tm’
     All declared Imports should be used.
Flavors: r-devel-linux-x86_64-fedora-clang, r-devel-linux-x86_64-fedora-gcc, r-devel-windows-x86_64-new-TK, r-release-macos-arm64, r-release-macos-x86_64, r-oldrel-macos-x86_64