CRAN Package Check Results for Package pacotest

Last updated on 2021-06-16 06:49:19 CEST.

Flavor Version Tinstall Tcheck Ttotal Status Flags
r-devel-linux-x86_64-debian-clang 0.4.0 143.70 158.11 301.81 OK
r-devel-linux-x86_64-debian-gcc 0.4.0 97.40 107.24 204.64 OK
r-devel-linux-x86_64-fedora-clang 0.4.0 400.37 NOTE
r-devel-linux-x86_64-fedora-gcc 0.4.0 367.17 OK
r-devel-windows-x86_64 0.4.0 167.00 219.00 386.00 OK
r-devel-windows-x86_64-gcc10-UCRT 0.4.0 OK
r-patched-linux-x86_64 0.4.0 110.32 151.64 261.96 OK
r-patched-solaris-x86 0.4.0 417.10 OK
r-release-linux-x86_64 0.4.0 112.54 149.89 262.43 OK
r-release-macos-arm64 0.4.0 NOTE
r-release-macos-x86_64 0.4.0 NOTE
r-release-windows-ix86+x86_64 0.4.0 288.00 352.00 640.00 OK
r-oldrel-macos-x86_64 0.4.0 NOTE
r-oldrel-windows-ix86+x86_64 0.4.0 296.00 355.00 651.00 OK

Check Details

Version: 0.4.0
Check: installed package size
Result: NOTE
     installed size is 6.2Mb
     sub-directories of 1Mb or more:
     libs 5.9Mb
Flavors: r-devel-linux-x86_64-fedora-clang, r-release-macos-arm64, r-release-macos-x86_64, r-oldrel-macos-x86_64