CRAN Package Check Results for Package pak

Last updated on 2020-12-04 06:46:55 CET.

Flavor Version Tinstall Tcheck Ttotal Status Flags
r-devel-linux-x86_64-debian-clang 0.1.2.1 7.70 46.14 53.84 OK
r-devel-linux-x86_64-debian-gcc 0.1.2.1 7.66 38.21 45.87 OK
r-devel-linux-x86_64-fedora-clang 0.1.2.1 77.46 NOTE
r-devel-linux-x86_64-fedora-gcc 0.1.2.1 63.32 OK
r-devel-windows-ix86+x86_64 0.1.2.1 14.00 54.00 68.00 OK
r-patched-linux-x86_64 0.1.2.1 7.62 44.80 52.42 OK
r-patched-solaris-x86 0.1.2.1 78.00 OK
r-release-linux-x86_64 0.1.2.1 7.98 45.10 53.08 OK
r-release-macos-x86_64 0.1.2.1 OK
r-release-windows-ix86+x86_64 0.1.2.1 11.00 42.00 53.00 OK
r-oldrel-macos-x86_64 0.1.2.1 OK
r-oldrel-windows-ix86+x86_64 0.1.2.1 10.00 53.00 63.00 OK

Check Details

Version: 0.1.2.1
Check: package dependencies
Result: NOTE
    Imports includes 21 non-default packages.
    Importing from so many packages makes the package vulnerable to any of
    them becoming unavailable. Move as many as possible to Suggests and
    use conditionally.
Flavor: r-devel-linux-x86_64-fedora-clang