CRAN Package Check Results for Package palaeoSig

Last updated on 2024-06-20 06:57:19 CEST.

Flavor Version Tinstall Tcheck Ttotal Status Flags
r-devel-linux-x86_64-debian-clang 2.1-3 16.38 208.35 224.73 NOTE
r-devel-linux-x86_64-debian-gcc 2.1-3 9.85 145.96 155.81 NOTE
r-devel-linux-x86_64-fedora-clang 2.1-3 277.90 NOTE
r-devel-linux-x86_64-fedora-gcc 2.1-3 270.11 NOTE
r-devel-windows-x86_64 2.1-3 12.00 166.00 178.00 NOTE
r-patched-linux-x86_64 2.1-3 18.32 195.26 213.58 NOTE
r-release-linux-x86_64 2.1-3 8.17 198.34 206.51 NOTE
r-release-macos-arm64 2.1-3 85.00 NOTE
r-release-macos-x86_64 2.1-3 124.00 NOTE
r-release-windows-x86_64 2.1-3 12.00 177.00 189.00 NOTE
r-oldrel-macos-arm64 2.1-3 73.00 OK
r-oldrel-macos-x86_64 2.1-3 133.00 OK
r-oldrel-windows-x86_64 2.1-3 15.00 202.00 217.00 OK

Check Details

Version: 2.1-3
Check: Rd files
Result: NOTE checkRd: (-1) jointsig.Rd:43: Lost braces in \itemize; \value handles \item{}{} directly checkRd: (-1) jointsig.Rd:44-45: Lost braces in \itemize; \value handles \item{}{} directly checkRd: (-1) jointsig.Rd:46-48: Lost braces in \itemize; \value handles \item{}{} directly checkRd: (-1) jointsig.Rd:49-50: Lost braces in \itemize; \value handles \item{}{} directly checkRd: (-1) jointsig.Rd:51-52: Lost braces in \itemize; \value handles \item{}{} directly checkRd: (-1) jointsig.Rd:53: Lost braces in \itemize; \value handles \item{}{} directly checkRd: (-1) obs.cor.Rd:114-118: Lost braces in \itemize; \value handles \item{}{} directly checkRd: (-1) obs.cor.Rd:119-122: Lost braces in \itemize; \value handles \item{}{} directly checkRd: (-1) obs.cor.Rd:123-124: Lost braces in \itemize; \value handles \item{}{} directly checkRd: (-1) predict.agelme.Rd:25: Lost braces in \itemize; \value handles \item{}{} directly checkRd: (-1) predict.agelme.Rd:26: Lost braces in \itemize; \value handles \item{}{} directly checkRd: (-1) predict.agelme.Rd:27: Lost braces in \itemize; \value handles \item{}{} directly checkRd: (-1) predict.agelme.Rd:28: Lost braces in \itemize; \value handles \item{}{} directly checkRd: (-1) predict.agelme.Rd:29: Lost braces in \itemize; \value handles \item{}{} directly checkRd: (-1) randomTF.Rd:97: Lost braces in \itemize; \value handles \item{}{} directly checkRd: (-1) randomTF.Rd:98-99: Lost braces in \itemize; \value handles \item{}{} directly checkRd: (-1) randomTF.Rd:100-103: Lost braces in \itemize; \value handles \item{}{} directly checkRd: (-1) randomTF.Rd:104-105: Lost braces in \itemize; \value handles \item{}{} directly checkRd: (-1) randomTF.Rd:106-107: Lost braces in \itemize; \value handles \item{}{} directly checkRd: (-1) randomTF.Rd:108: Lost braces in \itemize; \value handles \item{}{} directly checkRd: (-1) rne.Rd:46: Lost braces in \itemize; \value handles \item{}{} directly checkRd: (-1) rne.Rd:47-48: Lost braces in \itemize; \value handles \item{}{} directly Flavors: r-devel-linux-x86_64-debian-clang, r-devel-linux-x86_64-debian-gcc, r-devel-linux-x86_64-fedora-clang, r-devel-linux-x86_64-fedora-gcc, r-devel-windows-x86_64, r-patched-linux-x86_64, r-release-linux-x86_64, r-release-macos-arm64, r-release-macos-x86_64, r-release-windows-x86_64