CRAN Package Check Results for Package panelWranglR

Last updated on 2022-01-22 06:49:00 CET.

Flavor Version Tinstall Tcheck Ttotal Status Flags
r-devel-linux-x86_64-debian-clang 1.2.13 14.67 157.94 172.61 NOTE
r-devel-linux-x86_64-debian-gcc 1.2.13 11.27 122.07 133.34 NOTE
r-devel-linux-x86_64-fedora-clang 1.2.13 205.82 NOTE
r-devel-linux-x86_64-fedora-gcc 1.2.13 215.19 NOTE
r-devel-windows-x86_64-new-UL 1.2.13 38.00 191.00 229.00 NOTE
r-devel-windows-x86_64-new-TK 1.2.13 NOTE
r-patched-linux-x86_64 1.2.13 13.62 152.27 165.89 NOTE
r-release-linux-x86_64 1.2.13 9.67 151.78 161.45 NOTE
r-release-macos-arm64 1.2.13 NOTE
r-release-macos-x86_64 1.2.13 NOTE
r-release-windows-ix86+x86_64 1.2.13 34.00 176.00 210.00 NOTE
r-oldrel-macos-x86_64 1.2.13 OK
r-oldrel-windows-ix86+x86_64 1.2.13 35.00 178.00 213.00 OK

Check Details

Version: 1.2.13
Check: LazyData
Result: NOTE
     'LazyData' is specified without a 'data' directory
Flavors: r-devel-linux-x86_64-debian-clang, r-devel-linux-x86_64-debian-gcc, r-devel-linux-x86_64-fedora-clang, r-devel-linux-x86_64-fedora-gcc, r-devel-windows-x86_64-new-UL, r-devel-windows-x86_64-new-TK, r-patched-linux-x86_64, r-release-linux-x86_64, r-release-macos-arm64, r-release-macos-x86_64, r-release-windows-ix86+x86_64