CRAN Package Check Results for Package panelaggregation

Last updated on 2024-02-26 07:50:08 CET.

Flavor Version Tinstall Tcheck Ttotal Status Flags
r-devel-linux-x86_64-debian-clang 0.1.1 2.53 31.84 34.37 NOTE
r-devel-linux-x86_64-debian-gcc 0.1.1 2.13 23.92 26.05 NOTE
r-devel-linux-x86_64-fedora-clang 0.1.1 42.56 NOTE
r-devel-linux-x86_64-fedora-gcc 0.1.1 39.72 NOTE
r-devel-windows-x86_64 0.1.1 3.00 45.00 48.00 NOTE
r-patched-linux-x86_64 0.1.1 3.80 30.68 34.48 NOTE
r-release-linux-x86_64 0.1.1 2.55 30.04 32.59 NOTE
r-release-macos-arm64 0.1.1 18.00 NOTE
r-release-macos-x86_64 0.1.1 26.00 NOTE
r-release-windows-x86_64 0.1.1 3.00 46.00 49.00 NOTE
r-oldrel-macos-arm64 0.1.1 19.00 OK
r-oldrel-windows-x86_64 0.1.1 4.00 51.00 55.00 OK

Check Details

Version: 0.1.1
Check: Rd files
Result: NOTE checkRd: (-1) btsdemo.Rd:22: Escaped LaTeX specials: \_ checkRd: (-1) btsdemo.Rd:23: Escaped LaTeX specials: \_ checkRd: (-1) btsdemo.Rd:24: Escaped LaTeX specials: \_ checkRd: (-1) btsdemo.Rd:25: Escaped LaTeX specials: \_ checkRd: (-1) btsdemo.Rd:26: Escaped LaTeX specials: \_ checkRd: (-1) btsdemo.Rd:30: Escaped LaTeX specials: \_ Flavors: r-devel-linux-x86_64-debian-clang, r-devel-linux-x86_64-debian-gcc, r-devel-linux-x86_64-fedora-clang, r-devel-linux-x86_64-fedora-gcc, r-devel-windows-x86_64, r-patched-linux-x86_64, r-release-linux-x86_64, r-release-macos-arm64, r-release-macos-x86_64, r-release-windows-x86_64