CRAN Package Check Results for Package panelr

Last updated on 2021-12-05 06:48:49 CET.

Flavor Version Tinstall Tcheck Ttotal Status Flags
r-devel-linux-x86_64-debian-clang 0.7.5 17.50 376.11 393.61 OK
r-devel-linux-x86_64-debian-gcc 0.7.5 15.31 282.93 298.24 OK
r-devel-linux-x86_64-fedora-clang 0.7.5 468.39 NOTE
r-devel-linux-x86_64-fedora-gcc 0.7.5 455.09 OK
r-devel-windows-x86_64-new-UL 0.7.5 35.00 427.00 462.00 OK
r-devel-windows-x86_64-new-TK 0.7.5 OK
r-devel-windows-x86_64-old 0.7.5 27.00 315.00 342.00 OK
r-patched-linux-x86_64 0.7.5 15.67 361.52 377.19 OK
r-release-linux-x86_64 0.7.5 15.05 368.88 383.93 OK
r-release-macos-arm64 0.7.5 OK
r-release-macos-x86_64 0.7.5 OK
r-release-windows-ix86+x86_64 0.7.5 37.00 450.00 487.00 OK
r-oldrel-macos-x86_64 0.7.5 OK
r-oldrel-windows-ix86+x86_64 0.7.5 37.00 483.00 520.00 OK

Check Details

Version: 0.7.5
Check: Rd cross-references
Result: NOTE
    Undeclared package ‘AER’ in Rd xrefs
Flavor: r-devel-linux-x86_64-fedora-clang