Last updated on 2021-01-17 06:46:58 CET.
Flavor | Version | Tinstall | Tcheck | Ttotal | Status | Flags |
---|---|---|---|---|---|---|
r-devel-linux-x86_64-debian-clang | 0.0.2 | 12.51 | 135.28 | 147.79 | OK | |
r-devel-linux-x86_64-debian-gcc | 0.0.2 | 10.62 | 104.21 | 114.83 | OK | |
r-devel-linux-x86_64-fedora-clang | 0.0.2 | 192.84 | NOTE | |||
r-devel-linux-x86_64-fedora-gcc | 0.0.2 | 183.22 | NOTE | |||
r-devel-windows-ix86+x86_64 | 0.0.2 | 23.00 | 137.00 | 160.00 | OK | |
r-patched-linux-x86_64 | 0.0.2 | 12.10 | 130.49 | 142.59 | OK | |
r-patched-solaris-x86 | 0.0.2 | 253.60 | NOTE | |||
r-release-linux-x86_64 | 0.0.2 | 11.96 | 129.28 | 141.24 | OK | |
r-release-macos-x86_64 | 0.0.2 | NOTE | ||||
r-release-windows-ix86+x86_64 | 0.0.2 | 29.00 | 129.00 | 158.00 | OK | |
r-oldrel-macos-x86_64 | 0.0.2 | NOTE | ||||
r-oldrel-windows-ix86+x86_64 | 0.0.2 | 29.00 | 118.00 | 147.00 | OK |
Version: 0.0.2
Check: dependencies in R code
Result: NOTE
Namespaces in Imports field not imported from:
‘magrittr’ ‘tibble’
All declared Imports should be used.
Flavors: r-devel-linux-x86_64-fedora-clang, r-devel-linux-x86_64-fedora-gcc, r-patched-solaris-x86, r-release-macos-x86_64, r-oldrel-macos-x86_64