CRAN Package Check Results for Package paropt

Last updated on 2021-06-17 06:48:17 CEST.

Flavor Version Tinstall Tcheck Ttotal Status Flags
r-devel-linux-x86_64-debian-clang 0.2.1 244.67 33.49 278.16 OK
r-devel-linux-x86_64-debian-gcc 0.2.1 159.51 26.73 186.24 OK
r-devel-linux-x86_64-fedora-clang 0.2.1 408.02 NOTE
r-devel-linux-x86_64-fedora-gcc 0.2.1 334.03 OK
r-devel-windows-x86_64 0.2.1 275.00 62.00 337.00 OK
r-devel-windows-x86_64-gcc10-UCRT 0.2 OK
r-patched-linux-x86_64 0.2.1 200.46 32.26 232.72 OK
r-patched-solaris-x86 0.2.1 281.50 OK
r-release-linux-x86_64 0.2.1 191.88 32.46 224.34 OK
r-release-macos-arm64 0.2 ERROR
r-release-macos-x86_64 0.2.1 NOTE
r-release-windows-ix86+x86_64 0.2 557.00 79.00 636.00 NOTE
r-oldrel-macos-x86_64 0.2.1 NOTE
r-oldrel-windows-ix86+x86_64 0.2.1 493.00 68.00 561.00 NOTE

Check Details

Version: 0.2.1
Check: installed package size
Result: NOTE
     installed size is 11.7Mb
     sub-directories of 1Mb or more:
     libs 7.3Mb
Flavors: r-devel-linux-x86_64-fedora-clang, r-release-macos-x86_64, r-oldrel-macos-x86_64, r-oldrel-windows-ix86+x86_64

Version: 0.2
Check: whether package can be installed
Result: ERROR
    Installation failed.
Flavor: r-release-macos-arm64

Version: 0.2
Check: installed package size
Result: NOTE
     installed size is 5.5Mb
     sub-directories of 1Mb or more:
     libs 3.7Mb
Flavor: r-release-windows-ix86+x86_64