Last updated on 2023-03-30 06:53:23 CEST.
Flavor | Version | Tinstall | Tcheck | Ttotal | Status | Flags |
---|---|---|---|---|---|---|
r-devel-linux-x86_64-debian-clang | 0.1.2 | 48.67 | 66.43 | 115.10 | NOTE | |
r-devel-linux-x86_64-debian-gcc | 0.1.2 | 36.98 | 50.83 | 87.81 | NOTE | |
r-devel-linux-x86_64-fedora-clang | 0.1.2 | 159.64 | NOTE | |||
r-devel-linux-x86_64-fedora-gcc | 0.1.2 | 162.73 | NOTE | |||
r-devel-windows-x86_64 | 0.1.2 | 225.00 | 0.00 | 225.00 | NOTE | |
r-patched-linux-x86_64 | 0.1.2 | 42.69 | 63.45 | 106.14 | NOTE | |
r-release-linux-x86_64 | 0.1.2 | 40.00 | 65.58 | 105.58 | OK | |
r-release-macos-arm64 | 0.1.2 | 43.00 | NOTE | |||
r-release-macos-x86_64 | 0.1.2 | 97.00 | NOTE | |||
r-release-windows-x86_64 | 0.1.2 | 165.00 | 129.00 | 294.00 | OK | |
r-oldrel-macos-arm64 | 0.1.2 | 68.00 | NOTE | |||
r-oldrel-macos-x86_64 | 0.1.2 | 93.00 | NOTE | |||
r-oldrel-windows-ix86+x86_64 | 0.1.2 | 116.00 | 138.00 | 254.00 | OK |
Version: 0.1.2
Check: C++ specification
Result: NOTE
Specified C++14: please drop specification unless essential
Flavors: r-devel-linux-x86_64-debian-clang, r-devel-linux-x86_64-debian-gcc, r-devel-linux-x86_64-fedora-clang, r-devel-linux-x86_64-fedora-gcc, r-devel-windows-x86_64, r-patched-linux-x86_64
Version: 0.1.2
Check: installed package size
Result: NOTE
installed size is 8.1Mb
sub-directories of 1Mb or more:
libs 7.7Mb
Flavors: r-release-macos-arm64, r-release-macos-x86_64, r-oldrel-macos-arm64, r-oldrel-macos-x86_64