CRAN Package Check Results for Package partitionMap

Last updated on 2021-01-19 06:51:11 CET.

Flavor Version Tinstall Tcheck Ttotal Status Flags
r-devel-linux-x86_64-debian-clang 0.5 1.83 47.99 49.82 NOTE
r-devel-linux-x86_64-debian-gcc 0.5 1.51 34.34 35.85 NOTE
r-devel-linux-x86_64-fedora-clang 0.5 67.19 NOTE
r-devel-linux-x86_64-fedora-gcc 0.5 57.57 NOTE
r-devel-windows-ix86+x86_64 0.5 4.00 56.00 60.00 NOTE
r-patched-linux-x86_64 0.5 1.98 43.92 45.90 NOTE
r-patched-solaris-x86 0.5 96.60 NOTE
r-release-linux-x86_64 0.5 1.96 44.47 46.43 NOTE
r-release-macos-x86_64 0.5 NOTE
r-release-windows-ix86+x86_64 0.5 4.00 58.00 62.00 NOTE
r-oldrel-macos-x86_64 0.5 NOTE
r-oldrel-windows-ix86+x86_64 0.5 3.00 46.00 49.00 NOTE

Check Details

Version: 0.5
Check: DESCRIPTION meta-information
Result: NOTE
    Malformed Description field: should contain one or more complete sentences.
Flavors: r-devel-linux-x86_64-debian-clang, r-devel-linux-x86_64-debian-gcc, r-devel-linux-x86_64-fedora-clang, r-devel-linux-x86_64-fedora-gcc, r-devel-windows-ix86+x86_64, r-patched-linux-x86_64, r-patched-solaris-x86, r-release-linux-x86_64, r-release-macos-x86_64, r-release-windows-ix86+x86_64, r-oldrel-macos-x86_64, r-oldrel-windows-ix86+x86_64

Version: 0.5
Check: R code for possible problems
Result: NOTE
    partitionMap: no visible global function definition for 'predict'
    partitionMap: no visible global function definition for 'rnorm'
    partitionMap: no visible binding for global variable 'sd'
    partitionMap: no visible global function definition for 'sd'
    partitionMap: no visible global function definition for 'quantile'
    Undefined global functions or variables:
     predict quantile rnorm sd
    Consider adding
     importFrom("stats", "predict", "quantile", "rnorm", "sd")
    to your NAMESPACE file.
Flavors: r-devel-linux-x86_64-debian-clang, r-devel-linux-x86_64-debian-gcc, r-devel-linux-x86_64-fedora-clang, r-devel-linux-x86_64-fedora-gcc, r-devel-windows-ix86+x86_64, r-patched-linux-x86_64, r-patched-solaris-x86, r-release-linux-x86_64, r-release-macos-x86_64, r-release-windows-ix86+x86_64, r-oldrel-macos-x86_64, r-oldrel-windows-ix86+x86_64

Version: 0.5
Check: dependencies in R code
Result: NOTE
    Namespace in Imports field not imported from: ‘stats’
     All declared Imports should be used.
Flavors: r-devel-linux-x86_64-fedora-clang, r-devel-linux-x86_64-fedora-gcc, r-patched-solaris-x86, r-release-macos-x86_64, r-oldrel-macos-x86_64