CRAN Package Check Results for Package partools

Last updated on 2022-01-17 06:53:24 CET.

Flavor Version Tinstall Tcheck Ttotal Status Flags
r-devel-linux-x86_64-debian-clang 1.1.6 4.50 53.28 57.78 NOTE
r-devel-linux-x86_64-debian-gcc 1.1.6 3.85 41.01 44.86 NOTE
r-devel-linux-x86_64-fedora-clang 1.1.6 70.75 NOTE
r-devel-linux-x86_64-fedora-gcc 1.1.6 60.35 NOTE
r-devel-windows-x86_64-new-UL 1.1.6 51.00 86.00 137.00 OK
r-devel-windows-x86_64-new-TK 1.1.6 OK
r-patched-linux-x86_64 1.1.6 4.47 50.55 55.02 NOTE
r-release-linux-x86_64 1.1.6 NOTE
r-release-macos-arm64 1.1.6 OK
r-release-macos-x86_64 1.1.6 OK
r-release-windows-ix86+x86_64 1.1.6 13.00 76.00 89.00 OK
r-oldrel-macos-x86_64 1.1.6 OK
r-oldrel-windows-ix86+x86_64 1.1.6 13.00 68.00 81.00 OK

Check Details

Version: 1.1.6
Check: for non-standard things in the check directory
Result: NOTE
    Found the following files/directories:
     'co2' 'co2.1' 'co2.2' 'co2s.1' 'co2s.2' 'ctm.1' 'ctm.2' 'm' 'm.1'
     'm.2' 'test' 'test.1' 'test.2' 'testa.1' 'testa.2' 'xfile.1'
     'xfile.2'
Flavors: r-devel-linux-x86_64-debian-clang, r-devel-linux-x86_64-debian-gcc, r-devel-linux-x86_64-fedora-clang, r-devel-linux-x86_64-fedora-gcc, r-patched-linux-x86_64, r-release-linux-x86_64