Last updated on 2023-10-03 06:58:49 CEST.
Flavor | Version | Tinstall | Tcheck | Ttotal | Status | Flags |
---|---|---|---|---|---|---|
r-devel-linux-x86_64-debian-clang | 1.2-20 | 21.39 | 367.27 | 388.66 | OK | |
r-devel-linux-x86_64-debian-gcc | 1.2-20 | 16.50 | 272.49 | 288.99 | OK | |
r-devel-linux-x86_64-fedora-clang | 1.2-20 | 484.13 | OK | |||
r-devel-linux-x86_64-fedora-gcc | 1.2-20 | 469.71 | OK | |||
r-devel-windows-x86_64 | 1.2-20 | 17.00 | 377.00 | 394.00 | OK | |
r-patched-linux-x86_64 | 1.2-20 | 17.99 | 351.87 | 369.86 | OK | |
r-release-linux-x86_64 | 1.2-20 | 16.29 | 354.25 | 370.54 | OK | |
r-release-macos-arm64 | 1.2-20 | 168.00 | OK | |||
r-release-macos-x86_64 | 1.2-20 | 363.00 | OK | |||
r-release-windows-x86_64 | 1.2-20 | 24.00 | 396.00 | 420.00 | OK | |
r-oldrel-macos-arm64 | 1.2-20 | 147.00 | NOTE | |||
r-oldrel-macos-x86_64 | 1.2-20 | 183.00 | NOTE | |||
r-oldrel-windows-x86_64 | 1.2-20 | 22.00 | 409.00 | 431.00 | NOTE |
Version: 1.2-20
Check: running R code from vignettes
Result: NOTE
‘constparty.Rnw’... [3s/3s] OK
‘ctree.Rnw’ using ‘UTF-8’... [4s/4s] NOTE
differences from ‘ctree.Rout.save’
1409,1412d1408
< Deviance Residuals:
< Min 1Q Median 3Q Max
< -45.801 -11.208 -1.049 10.903 53.615
<
‘mob.Rnw’... [5s/5s] OK
‘partykit.Rnw’... [1s/1s] OK
Flavor: r-oldrel-macos-arm64
Version: 1.2-20
Check: running R code from vignettes
Result: NOTE
‘constparty.Rnw’... [5s/5s] OK
‘ctree.Rnw’ using ‘UTF-8’... [5s/5s] NOTE
differences from ‘ctree.Rout.save’
1409,1412d1408
< Deviance Residuals:
< Min 1Q Median 3Q Max
< -45.801 -11.208 -1.049 10.903 53.615
<
‘mob.Rnw’... [7s/7s] OK
‘partykit.Rnw’... [2s/2s] OK
Flavor: r-oldrel-macos-x86_64
Version: 1.2-20
Check: running R code from vignettes
Result: NOTE
'ctree.Rnw' using 'UTF-8'... [12s] NOTE
differences from 'ctree.Rout.save'
1409,1412d1408
< Deviance Residuals:
< Min 1Q Median 3Q Max
< -45.801 -11.208 -1.049 10.903 53.615
<
'partykit.Rnw'... [3s] OK
Flavor: r-oldrel-windows-x86_64