CRAN Package Check Results for Package partykit

Last updated on 2021-06-13 06:49:58 CEST.

Flavor Version Tinstall Tcheck Ttotal Status Flags
r-devel-linux-x86_64-debian-clang 1.2-13 15.24 357.80 373.04 OK
r-devel-linux-x86_64-debian-gcc 1.2-13 13.03 271.07 284.10 OK
r-devel-linux-x86_64-fedora-clang 1.2-13 450.35 OK
r-devel-linux-x86_64-fedora-gcc 1.2-13 439.94 OK
r-devel-windows-x86_64 1.2-13 26.00 419.00 445.00 OK
r-devel-windows-x86_64-gcc10-UCRT 1.2-13 OK
r-patched-linux-x86_64 1.2-13 18.12 350.17 368.29 OK
r-patched-solaris-x86 1.2-13 627.00 NOTE
r-release-linux-x86_64 1.2-13 15.54 347.22 362.76 OK
r-release-macos-arm64 1.2-13 ERROR
r-release-macos-x86_64 1.2-13 OK
r-release-windows-ix86+x86_64 1.2-13 25.00 599.00 624.00 OK
r-oldrel-macos-x86_64 1.2-13 OK
r-oldrel-windows-ix86+x86_64 1.2-13 24.00 600.00 624.00 OK

Check Details

Version: 1.2-13
Check: package dependencies
Result: NOTE
    Package suggested but not available for checking: ‘RWeka’
Flavor: r-patched-solaris-x86

Version: 1.2-13
Check: tests
Result: ERROR
     Running ‘bugfixes.R’ [2s/2s]
     Comparing ‘bugfixes.Rout’ to ‘bugfixes.Rout.save’ ... OK
     Running ‘constparty.R’ [2s/3s]
     Comparing ‘constparty.Rout’ to ‘constparty.Rout.save’ ... OK
     Running ‘regtest-MIA.R’ [1s/1s]
     Comparing ‘regtest-MIA.Rout’ to ‘regtest-MIA.Rout.save’ ... OK
     Running ‘regtest-cforest.R’ [4s/5s]
     Comparing ‘regtest-cforest.Rout’ to ‘regtest-cforest.Rout.save’ ... OK
     Running ‘regtest-ctree.R’ [1s/1s]
     Comparing ‘regtest-ctree.Rout’ to ‘regtest-ctree.Rout.save’ ... OK
     Running ‘regtest-glmtree.R’ [15s/17s]
     Comparing ‘regtest-glmtree.Rout’ to ‘regtest-glmtree.Rout.save’ ... OK
     Running ‘regtest-honesty.R’ [1s/1s]
     Running ‘regtest-lmtree.R’ [1s/1s]
     Running ‘regtest-nmax.R’ [1s/1s]
     Comparing ‘regtest-nmax.Rout’ to ‘regtest-nmax.Rout.save’ ... OK
     Running ‘regtest-node.R’ [1s/1s]
     Comparing ‘regtest-node.Rout’ to ‘regtest-node.Rout.save’ ... OK
     Running ‘regtest-party-random.R’ [1s/1s]
     Running ‘regtest-party.R’ [1s/1s]
    Running the tests in ‘tests/regtest-party.R’ failed.
    Last 13 lines of output:
     +
     + ## rpart/J48: GlaucomaM data
     + data("GlaucomaM", package = "TH.data")
     + w <- runif(nrow(GlaucomaM))
     + fit <- rpart(Class ~ ., data = GlaucomaM, weights = w)
     + pfit <- as.party(fit)
     + print(all(predict(pfit, type = "node") == fit$where))
     + tmp <- GlaucomaM[sample(1:nrow(GlaucomaM), 100),]
     + print(all.equal(predict(fit, type = "prob", newdata = tmp), predict(pfit, type = "prob", newdata = tmp)))
     + print(all.equal(predict(fit, type = "class", newdata = tmp), predict(pfit, newdata = tmp)))
     + itree <- J48(Class ~ ., data = GlaucomaM)
     + pitree <- as.party(itree)
     + print(all.equal(predict(itree, newdata = tmp, type = "prob"), predict(pitree, newdata = tmp, type = "prob")))
     + }
     Loading required package: RWeka
Flavor: r-release-macos-arm64

Version: 1.2-13
Check: running R code from vignettes
Result: ERROR
    Errors in running code in vignettes:
    when running code in ‘constparty.Rnw’
     ...
     9 0.0729927 0.9270073
    
    > if (require("RWeka")) {
    + j48 <- J48(Survived ~ ., data = ttnc)
    + } else {
    + j48 <- rpart(Survived ~ ., data = ttnc)
    + }
    Loading required package: RWeka
    
    ... incomplete output. Crash?
    
     ‘constparty.Rnw’... failed to complete the test
     ‘ctree.Rnw’ using ‘UTF-8’... [4s/4s] OK
     ‘mob.Rnw’... [5s/5s] OK
     ‘partykit.Rnw’... [1s/1s] OK
Flavor: r-release-macos-arm64

Version: 1.2-13
Check: re-building of vignette outputs
Result: NOTE
    Error(s) in re-building vignettes:
    sh: line 1: 13255 Trace/BPT trap: 5 '/Library/Frameworks/R.framework/Resources/bin/R' --vanilla --no-echo > '/Volumes/Temp/tmp/RtmpwqWQdG/file33a96fdb0182' 2>&1 < '/Volumes/Temp/tmp/RtmpwqWQdG/file33a91340372d'
    --- re-building ‘constparty.Rnw’ using Sweave
    Loading required package: grid
    Loading required package: libcoin
    Loading required package: mvtnorm
    Loading required package: RWeka
    --- re-building ‘ctree.Rnw’ using Sweave
    Loading required package: partykit
    Loading required package: grid
    Loading required package: libcoin
    Loading required package: mvtnorm
    Loading required package: coin
    Loading required package: survival
    Loading required package: strucchange
    Loading required package: zoo
    
    Attaching package: ‘zoo’
    
    The following objects are masked from ‘package:base’:
    
     as.Date, as.Date.numeric
    
    Loading required package: sandwich
    Loading required package: Formula
    Loading required package: modeltools
    Loading required package: stats4
    
    Attaching package: ‘party’
    
    The following objects are masked from ‘package:partykit’:
    
     cforest, ctree, ctree_control, edge_simple, mob,
     mob_control, node_barplot, node_bivplot, node_boxplot,
     node_inner, node_surv, node_terminal, varimp
    
    --- finished re-building ‘ctree.Rnw’
    
    --- re-building ‘mob.Rnw’ using Sweave
    Loading required package: grid
    Loading required package: libcoin
    Loading required package: mvtnorm
    Loading required namespace: vcd
    Loading required package: zoo
    
    Attaching package: 'zoo'
    
    The following objects are masked from 'package:base':
    
     as.Date, as.Date.numeric
    
    Loading required package: sandwich
    --- finished re-building 'mob.Rnw'
    
    --- re-building ‘partykit.Rnw’ using Sweave
    Loading required package: grid
    Loading required package: libcoin
    Loading required package: mvtnorm
    --- finished re-building ‘partykit.Rnw’
    
    SUMMARY: processing the following file failed:
     ‘constparty.Rnw’
    
    Error: Vignette re-building failed.
    Execution halted
Flavor: r-release-macos-arm64