CRAN Package Check Results for Package patentr

Last updated on 2021-06-17 06:48:17 CEST.

Flavor Version Tinstall Tcheck Ttotal Status Flags
r-devel-linux-x86_64-debian-clang 0.1.0 19.82 31.20 51.02 NOTE
r-devel-linux-x86_64-debian-gcc 0.1.0 12.48 24.56 37.04 NOTE
r-devel-linux-x86_64-fedora-clang 0.1.0 77.17 NOTE
r-devel-linux-x86_64-fedora-gcc 0.1.0 59.86 NOTE
r-devel-windows-x86_64 0.1.0 25.00 56.00 81.00 NOTE
r-devel-windows-x86_64-gcc10-UCRT 0.1.0 NOTE
r-patched-linux-x86_64 0.1.0 16.76 30.60 47.36 NOTE
r-patched-solaris-x86 0.1.0 76.60 NOTE
r-release-linux-x86_64 0.1.0 13.69 30.95 44.64 NOTE
r-release-macos-arm64 0.1.0 NOTE
r-release-macos-x86_64 0.1.0 NOTE
r-release-windows-ix86+x86_64 0.1.0 45.00 71.00 116.00 NOTE
r-oldrel-macos-x86_64 0.1.0 OK
r-oldrel-windows-ix86+x86_64 0.1.0 38.00 85.00 123.00 OK

Check Details

Version: 0.1.0
Check: LazyData
Result: NOTE
     'LazyData' is specified without a 'data' directory
Flavors: r-devel-linux-x86_64-debian-clang, r-devel-linux-x86_64-debian-gcc, r-devel-linux-x86_64-fedora-clang, r-devel-linux-x86_64-fedora-gcc, r-devel-windows-x86_64, r-devel-windows-x86_64-gcc10-UCRT, r-patched-linux-x86_64, r-patched-solaris-x86, r-release-linux-x86_64, r-release-macos-arm64, r-release-macos-x86_64, r-release-windows-ix86+x86_64