CRAN Package Check Results for Package pathlibr

Last updated on 2021-01-16 06:51:18 CET.

Flavor Version Tinstall Tcheck Ttotal Status Flags
r-devel-linux-x86_64-debian-clang 0.1.0 2.91 27.13 30.04 NOTE
r-devel-linux-x86_64-debian-gcc 0.1.0 2.53 21.51 24.04 NOTE
r-devel-linux-x86_64-fedora-clang 0.1.0 45.75 NOTE
r-devel-linux-x86_64-fedora-gcc 0.1.0 36.68 NOTE
r-devel-windows-ix86+x86_64 0.1.0 5.00 35.00 40.00 NOTE
r-patched-linux-x86_64 0.1.0 2.78 26.37 29.15 NOTE
r-patched-solaris-x86 0.1.0 55.00 NOTE
r-release-linux-x86_64 0.1.0 2.90 25.95 28.85 NOTE
r-release-macos-x86_64 0.1.0 NOTE
r-release-windows-ix86+x86_64 0.1.0 7.00 36.00 43.00 NOTE
r-oldrel-macos-x86_64 0.1.0 NOTE
r-oldrel-windows-ix86+x86_64 0.1.0 4.00 31.00 35.00 OK

Check Details

Version: 0.1.0
Check: package vignettes
Result: NOTE
    Package vignette with placeholder title 'Vignette Title':
     'pathlibr.Rmd'
Flavors: r-devel-linux-x86_64-debian-clang, r-devel-linux-x86_64-debian-gcc, r-devel-windows-ix86+x86_64, r-patched-linux-x86_64, r-release-linux-x86_64, r-release-windows-ix86+x86_64

Version: 0.1.0
Check: dependencies in R code
Result: NOTE
    Namespaces in Imports field not imported from:
     ‘R6’ ‘glue’ ‘logging’ ‘purrr’
     All declared Imports should be used.
Flavors: r-devel-linux-x86_64-fedora-clang, r-devel-linux-x86_64-fedora-gcc, r-patched-solaris-x86, r-release-macos-x86_64, r-oldrel-macos-x86_64