Last updated on 2023-02-02 06:55:00 CET.
Flavor | Version | Tinstall | Tcheck | Ttotal | Status | Flags |
---|---|---|---|---|---|---|
r-devel-linux-x86_64-debian-clang | 1.0.0 | 56.58 | 104.17 | 160.75 | NOTE | |
r-devel-linux-x86_64-debian-gcc | 1.0.0 | 44.76 | 76.94 | 121.70 | NOTE | |
r-devel-linux-x86_64-fedora-clang | 1.0.0 | 228.57 | NOTE | |||
r-devel-linux-x86_64-fedora-gcc | 1.0.0 | 392.78 | NOTE | |||
r-devel-windows-x86_64 | 1.0.0 | 73.00 | 155.00 | 228.00 | NOTE | |
r-patched-linux-x86_64 | 1.0.0 | 53.40 | 98.86 | 152.26 | NOTE | |
r-release-linux-x86_64 | 1.0.0 | 49.28 | 240.01 | 289.29 | NOTE | |
r-release-macos-arm64 | 1.0.0 | 106.00 | NOTE | |||
r-release-macos-x86_64 | 1.0.0 | 205.00 | NOTE | |||
r-release-windows-x86_64 | 1.0.0 | 81.00 | 311.00 | 392.00 | NOTE | |
r-oldrel-macos-arm64 | 1.0.0 | 109.00 | NOTE | |||
r-oldrel-macos-x86_64 | 1.0.0 | 193.00 | NOTE | |||
r-oldrel-windows-ix86+x86_64 | 1.0.0 | 154.00 | 195.00 | 349.00 | NOTE |
Version: 1.0.0
Check: C++ specification
Result: NOTE
Specified C++11: please update to current default of C++17
Flavors: r-devel-linux-x86_64-debian-clang, r-devel-linux-x86_64-debian-gcc, r-devel-linux-x86_64-fedora-clang, r-devel-linux-x86_64-fedora-gcc, r-devel-windows-x86_64
Version: 1.0.0
Check: for GNU extensions in Makefiles
Result: NOTE
GNU make is a SystemRequirements.
Flavors: r-devel-linux-x86_64-debian-clang, r-devel-linux-x86_64-debian-gcc, r-devel-linux-x86_64-fedora-clang, r-devel-linux-x86_64-fedora-gcc, r-devel-windows-x86_64, r-patched-linux-x86_64, r-release-linux-x86_64, r-release-macos-arm64, r-release-macos-x86_64, r-release-windows-x86_64, r-oldrel-macos-arm64, r-oldrel-macos-x86_64, r-oldrel-windows-ix86+x86_64