CRAN Package Check Results for Package paws.compute

Last updated on 2022-01-22 06:49:01 CET.

Flavor Version Tinstall Tcheck Ttotal Status Flags
r-devel-linux-x86_64-debian-clang 0.1.12 74.60 155.00 229.60 OK
r-devel-linux-x86_64-debian-gcc 0.1.12 66.52 113.59 180.11 OK
r-devel-linux-x86_64-fedora-clang 0.1.12 286.69 OK
r-devel-linux-x86_64-fedora-gcc 0.1.12 286.58 OK
r-devel-windows-x86_64-new-UL 0.1.12 1385.00 294.00 1679.00 OK
r-devel-windows-x86_64-new-TK 0.1.12 OK
r-patched-linux-x86_64 0.1.12 89.08 148.25 237.33 OK
r-release-linux-x86_64 0.1.12 70.80 148.51 219.31 OK
r-release-macos-arm64 0.1.12 NOTE
r-release-macos-x86_64 0.1.12 OK
r-release-windows-ix86+x86_64 0.1.12 124.00 181.00 305.00 OK
r-oldrel-macos-x86_64 0.1.12 OK
r-oldrel-windows-ix86+x86_64 0.1.12 123.00 174.00 297.00 OK

Check Details

Version: 0.1.12
Check: installed package size
Result: NOTE
     installed size is 5.8Mb
     sub-directories of 1Mb or more:
     R 2.0Mb
     help 3.6Mb
Flavor: r-release-macos-arm64