CRAN Package Check Results for Package pbapply

Last updated on 2020-09-26 06:46:50 CEST.

Flavor Version Tinstall Tcheck Ttotal Status Flags
r-devel-linux-x86_64-debian-clang 1.4-3 1.97 40.39 42.36 OK
r-devel-linux-x86_64-debian-gcc 1.4-3 2.25 31.63 33.88 OK
r-devel-linux-x86_64-fedora-clang 1.4-3 60.68 OK
r-devel-linux-x86_64-fedora-gcc 1.4-3 51.70 OK
r-devel-windows-ix86+x86_64 1.4-3 7.00 72.00 79.00 OK
r-patched-linux-x86_64 1.4-3 1.75 39.22 40.97 OK
r-patched-solaris-x86 1.4-3 85.20 OK
r-release-linux-x86_64 1.4-3 2.12 40.18 42.30 OK
r-release-macos-x86_64 1.4-3 OK
r-release-windows-ix86+x86_64 1.4-3 9.00 93.00 102.00 OK
r-oldrel-macos-x86_64 1.4-3 NOTE
r-oldrel-windows-ix86+x86_64 1.4-3 4.00 68.00 72.00 OK

Check Details

Version: 1.4-3
Check: dependencies in R code
Result: NOTE
    No protocol specified
    No protocol specified
Flavor: r-oldrel-macos-x86_64