Last updated on 2023-12-10 06:50:33 CET.
Flavor | Version | Tinstall | Tcheck | Ttotal | Status | Flags |
---|---|---|---|---|---|---|
r-devel-linux-x86_64-debian-clang | 2.0-3 | 20.77 | 49.78 | 70.55 | WARN | |
r-devel-linux-x86_64-debian-gcc | 2.0-4 | 14.06 | 38.88 | 52.94 | OK | |
r-devel-linux-x86_64-fedora-clang | 2.0-4 | 89.45 | OK | |||
r-devel-linux-x86_64-fedora-gcc | 2.0-4 | 102.52 | OK | |||
r-devel-windows-x86_64 | 2.0-4 | 22.00 | 77.00 | 99.00 | OK | |
r-patched-linux-x86_64 | 2.0-3 | 18.39 | 49.17 | 67.56 | OK | |
r-release-linux-x86_64 | 2.0-3 | 16.74 | 49.17 | 65.91 | OK | |
r-release-macos-arm64 | 2.0-4 | 70.00 | OK | |||
r-release-macos-x86_64 | 2.0-4 | 157.00 | OK | |||
r-release-windows-x86_64 | 2.0-4 | 31.00 | 79.00 | 110.00 | OK | |
r-oldrel-macos-arm64 | 2.0-4 | 62.00 | OK | |||
r-oldrel-macos-x86_64 | 2.0-3 | 109.00 | OK | |||
r-oldrel-windows-x86_64 | 2.0-3 | 23.00 | 82.00 | 105.00 | OK |
Version: 2.0-3
Check: whether package can be installed
Result: WARN
Found the following significant warnings:
R_meal.cpp:144:15: warning: format string is not a string literal (potentially insecure) [-Wformat-security]
R_meal.cpp:149:13: warning: format string is not a string literal (potentially insecure) [-Wformat-security]
See ‘/home/hornik/tmp/R.check/r-devel-clang/Work/PKGS/pcaPP.Rcheck/00install.out’ for details.
* used C compiler: ‘Debian clang version 17.0.5 (1)’
* used C++ compiler: ‘Debian clang version 17.0.5 (1)’
Flavor: r-devel-linux-x86_64-debian-clang
Version: 2.0-3
Check: Rd files
Result: NOTE
checkRd: (-1) PCAproj.Rd:50-52: Lost braces in \itemize; meant \describe ?
checkRd: (-1) PCAproj.Rd:53-56: Lost braces in \itemize; meant \describe ?
checkRd: (-1) PCAproj.Rd:57-62: Lost braces in \itemize; meant \describe ?
Flavor: r-devel-linux-x86_64-debian-clang