Last updated on 2023-03-24 05:52:20 CET.
Flavor | Version | Tinstall | Tcheck | Ttotal | Status | Flags |
---|---|---|---|---|---|---|
r-devel-linux-x86_64-debian-clang | 0.4.2 | 5.76 | 171.73 | 177.49 | NOTE | |
r-devel-linux-x86_64-debian-gcc | 0.4.2 | 4.62 | 102.35 | 106.97 | NOTE | |
r-devel-linux-x86_64-fedora-clang | 0.4.2 | 212.58 | NOTE | |||
r-devel-linux-x86_64-fedora-gcc | 0.4.2 | 213.03 | NOTE | |||
r-patched-linux-x86_64 | 0.4.2 | 5.13 | 167.32 | 172.45 | NOTE | |
r-release-linux-x86_64 | 0.4.2 | 6.80 | 134.78 | 141.58 | NOTE | |
r-release-macos-arm64 | 0.4.2 | 34.00 | NOTE | |||
r-release-macos-x86_64 | 0.4.2 | 124.00 | NOTE | |||
r-release-windows-x86_64 | 0.4.2 | 23.00 | 252.00 | 275.00 | NOTE | |
r-oldrel-macos-arm64 | 0.4.2 | 55.00 | NOTE | |||
r-oldrel-macos-x86_64 | 0.4.2 | 68.00 | NOTE | |||
r-oldrel-windows-ix86+x86_64 | 0.4.2 | 15.00 | 220.00 | 235.00 | NOTE |
Version: 0.4.2
Check: LazyData
Result: NOTE
'LazyData' is specified without a 'data' directory
Flavors: r-devel-linux-x86_64-debian-clang, r-devel-linux-x86_64-debian-gcc, r-devel-linux-x86_64-fedora-clang, r-devel-linux-x86_64-fedora-gcc, r-patched-linux-x86_64, r-release-linux-x86_64, r-release-macos-arm64, r-release-macos-x86_64, r-release-windows-x86_64, r-oldrel-macos-arm64, r-oldrel-macos-x86_64, r-oldrel-windows-ix86+x86_64