CRAN Package Check Results for Package pdp

Last updated on 2020-09-30 06:51:20 CEST.

Flavor Version Tinstall Tcheck Ttotal Status Flags
r-devel-linux-x86_64-debian-clang 0.7.0 7.93 68.70 76.63 OK
r-devel-linux-x86_64-debian-gcc 0.7.0 5.91 51.12 57.03 OK
r-devel-linux-x86_64-fedora-clang 0.7.0 96.54 NOTE
r-devel-linux-x86_64-fedora-gcc 0.7.0 87.05 OK
r-devel-windows-ix86+x86_64 0.7.0 17.00 84.00 101.00 OK
r-patched-linux-x86_64 0.7.0 6.55 63.64 70.19 OK
r-patched-solaris-x86 0.7.0 125.80 OK
r-release-linux-x86_64 0.7.0 7.42 63.46 70.88 OK
r-release-macos-x86_64 0.7.0 OK
r-release-windows-ix86+x86_64 0.7.0 17.00 127.00 144.00 OK
r-oldrel-macos-x86_64 0.7.0 OK
r-oldrel-windows-ix86+x86_64 0.7.0 15.00 108.00 123.00 OK

Check Details

Version: 0.7.0
Check: Rd cross-references
Result: NOTE
    Undeclared packages ‘mlbench’, ‘foreach’, ‘ICEbox’ in Rd xrefs
Flavor: r-devel-linux-x86_64-fedora-clang