Last updated on 2023-03-28 06:51:24 CEST.
Flavor | Version | Tinstall | Tcheck | Ttotal | Status | Flags |
---|---|---|---|---|---|---|
r-devel-linux-x86_64-debian-clang | 0.3.0 | 7.94 | 165.64 | 173.58 | NOTE | |
r-devel-linux-x86_64-debian-gcc | 0.3.0 | 7.40 | 122.89 | 130.29 | NOTE | |
r-devel-linux-x86_64-fedora-clang | 0.3.0 | 210.43 | NOTE | |||
r-devel-linux-x86_64-fedora-gcc | 0.3.0 | 217.99 | NOTE | |||
r-patched-linux-x86_64 | 0.3.0 | 10.34 | 157.52 | 167.86 | NOTE | |
r-release-linux-x86_64 | 0.3.0 | 7.43 | 155.85 | 163.28 | NOTE | |
r-release-macos-arm64 | 0.3.0 | 50.00 | NOTE | |||
r-release-macos-x86_64 | 0.3.0 | 80.00 | NOTE | |||
r-release-windows-x86_64 | 0.3.0 | 120.00 | 282.00 | 402.00 | NOTE | |
r-oldrel-macos-arm64 | 0.3.0 | 57.00 | NOTE | |||
r-oldrel-macos-x86_64 | 0.3.0 | 111.00 | NOTE | |||
r-oldrel-windows-ix86+x86_64 | 0.3.0 | 17.00 | 192.00 | 209.00 | NOTE |
Version: 0.3.0
Check: LazyData
Result: NOTE
'LazyData' is specified without a 'data' directory
Flavors: r-devel-linux-x86_64-debian-clang, r-devel-linux-x86_64-debian-gcc, r-devel-linux-x86_64-fedora-clang, r-devel-linux-x86_64-fedora-gcc, r-patched-linux-x86_64, r-release-linux-x86_64, r-release-macos-arm64, r-release-macos-x86_64, r-release-windows-x86_64, r-oldrel-macos-arm64, r-oldrel-macos-x86_64, r-oldrel-windows-ix86+x86_64