Last updated on 2022-07-05 07:51:02 CEST.
Flavor | Version | Tinstall | Tcheck | Ttotal | Status | Flags |
---|---|---|---|---|---|---|
r-devel-linux-x86_64-debian-clang | 0.1.1 | 1181.74 | 260.62 | 1442.36 | NOTE | |
r-devel-linux-x86_64-debian-gcc | 0.1.1 | 1103.84 | 252.70 | 1356.54 | NOTE | |
r-devel-linux-x86_64-fedora-clang | 0.1.1 | 2170.83 | NOTE | |||
r-devel-linux-x86_64-fedora-gcc | 0.1.1 | 2327.40 | NOTE | |||
r-devel-windows-x86_64 | 0.1.1 | 1088.00 | 393.00 | 1481.00 | NOTE | |
r-patched-linux-x86_64 | 0.1.1 | 950.19 | 331.83 | 1282.02 | NOTE | |
r-release-linux-x86_64 | 0.1.1 | 991.05 | 326.52 | 1317.57 | NOTE | |
r-release-macos-arm64 | 0.1.1 | 559.00 | NOTE | |||
r-release-macos-x86_64 | 0.1.1 | 698.00 | NOTE | |||
r-release-windows-x86_64 | 0.1.1 | 763.00 | 379.00 | 1142.00 | NOTE | |
r-oldrel-macos-arm64 | 0.1.1 | 548.00 | NOTE | |||
r-oldrel-macos-x86_64 | 0.1.1 | 708.00 | NOTE | |||
r-oldrel-windows-ix86+x86_64 | 0.1.1 | 2676.00 | 567.00 | 3243.00 | NOTE |
Version: 0.1.1
Check: for GNU extensions in Makefiles
Result: NOTE
GNU make is a SystemRequirements.
Flavors: r-devel-linux-x86_64-debian-clang, r-devel-linux-x86_64-debian-gcc, r-devel-linux-x86_64-fedora-clang, r-devel-linux-x86_64-fedora-gcc, r-devel-windows-x86_64, r-patched-linux-x86_64, r-release-linux-x86_64, r-release-macos-arm64, r-release-macos-x86_64, r-release-windows-x86_64, r-oldrel-macos-arm64, r-oldrel-macos-x86_64, r-oldrel-windows-ix86+x86_64
Version: 0.1.1
Check: installed package size
Result: NOTE
installed size is 106.7Mb
sub-directories of 1Mb or more:
libs 105.7Mb
Flavors: r-devel-linux-x86_64-fedora-clang, r-devel-windows-x86_64, r-release-macos-arm64, r-release-macos-x86_64, r-release-windows-x86_64, r-oldrel-macos-arm64, r-oldrel-macos-x86_64, r-oldrel-windows-ix86+x86_64