CRAN Package Check Results for Package penPHcure

Last updated on 2022-10-04 07:49:54 CEST.

Flavor Version Tinstall Tcheck Ttotal Status Flags
r-devel-linux-x86_64-debian-clang 1.0.2 163.83 95.48 259.31 OK
r-devel-linux-x86_64-debian-gcc 1.0.2 127.28 78.68 205.96 OK
r-devel-linux-x86_64-fedora-clang 1.0.2 384.61 OK
r-devel-linux-x86_64-fedora-gcc 1.0.2 351.66 OK
r-devel-windows-x86_64 1.0.2 137.00 131.00 268.00 OK
r-patched-linux-x86_64 1.0.2 143.30 84.54 227.84 OK
r-release-linux-x86_64 1.0.2 145.39 89.57 234.96 OK
r-release-macos-arm64 1.0.2 80.00 NOTE
r-release-macos-x86_64 1.0.2 104.00 NOTE
r-release-windows-x86_64 1.0.2 436.00 128.00 564.00 OK
r-oldrel-macos-arm64 1.0.2 85.00 NOTE
r-oldrel-macos-x86_64 1.0.2 138.00 NOTE
r-oldrel-windows-ix86+x86_64 1.0.2 420.00 153.00 573.00 OK

Check Details

Version: 1.0.2
Check: installed package size
Result: NOTE
     installed size is 6.5Mb
     sub-directories of 1Mb or more:
     libs 6.3Mb
Flavors: r-release-macos-arm64, r-release-macos-x86_64, r-oldrel-macos-arm64, r-oldrel-macos-x86_64