CRAN Package Check Results for Package pense

Last updated on 2021-06-13 06:49:58 CEST.

Flavor Version Tinstall Tcheck Ttotal Status Flags
r-devel-linux-x86_64-debian-clang 2.0.3 440.21 142.86 583.07 OK
r-devel-linux-x86_64-debian-gcc 2.0.3 351.40 102.12 453.52 OK
r-devel-linux-x86_64-fedora-clang 2.0.3 811.03 NOTE
r-devel-linux-x86_64-fedora-gcc 2.0.3 834.61 OK
r-devel-windows-x86_64 2.0.3 450.00 214.00 664.00 OK
r-devel-windows-x86_64-gcc10-UCRT 2.0.3 OK
r-patched-linux-x86_64 2.0.3 407.36 137.32 544.68 OK
r-patched-solaris-x86 2.0.3 809.70 OK
r-release-linux-x86_64 2.0.3 402.36 137.27 539.63 OK
r-release-macos-arm64 2.0.3 NOTE
r-release-macos-x86_64 2.0.3 NOTE
r-release-windows-ix86+x86_64 2.0.3 687.00 332.00 1019.00 NOTE
r-oldrel-macos-x86_64 2.0.3 NOTE
r-oldrel-windows-ix86+x86_64 2.0.3 676.00 329.00 1005.00 NOTE

Check Details

Version: 2.0.3
Check: installed package size
Result: NOTE
     installed size is 44.6Mb
     sub-directories of 1Mb or more:
     libs 43.6Mb
Flavors: r-devel-linux-x86_64-fedora-clang, r-release-macos-arm64, r-release-macos-x86_64, r-release-windows-ix86+x86_64, r-oldrel-macos-x86_64, r-oldrel-windows-ix86+x86_64