CRAN Package Check Results for Package perccal

Last updated on 2021-06-21 06:49:17 CEST.

Flavor Version Tinstall Tcheck Ttotal Status Flags
r-devel-linux-x86_64-debian-clang 1.0 41.28 30.31 71.59 OK
r-devel-linux-x86_64-debian-gcc 1.0 24.62 23.65 48.27 OK
r-devel-linux-x86_64-fedora-clang 1.0 100.61 NOTE
r-devel-linux-x86_64-fedora-gcc 1.0 84.19 NOTE
r-devel-windows-x86_64 1.0 46.00 58.00 104.00 OK
r-devel-windows-x86_64-gcc10-UCRT 1.0 OK
r-patched-linux-x86_64 1.0 31.13 29.29 60.42 OK
r-patched-solaris-x86 1.0 92.10 OK
r-release-linux-x86_64 1.0 29.84 29.35 59.19 OK
r-release-macos-arm64 1.0 OK
r-release-macos-x86_64 1.0 OK
r-release-windows-ix86+x86_64 1.0 87.00 56.00 143.00 OK
r-oldrel-macos-x86_64 1.0 OK
r-oldrel-windows-ix86+x86_64 1.0 66.00 0.00 66.00 OK

Check Details

Version: 1.0
Check: compiled code
Result: NOTE
    File ‘perccal/libs/perccal.so’:
     Found no calls to: ‘R_registerRoutines’, ‘R_useDynamicSymbols’
    
    It is good practice to register native routines and to disable symbol
    search.
    
    See ‘Writing portable packages’ in the ‘Writing R Extensions’ manual.
Flavors: r-devel-linux-x86_64-fedora-clang, r-devel-linux-x86_64-fedora-gcc