Last updated on 2022-05-24 06:50:48 CEST.
Flavor | Version | Tinstall | Tcheck | Ttotal | Status | Flags |
---|---|---|---|---|---|---|
r-devel-linux-x86_64-debian-clang | 1.0 | 3.17 | 78.99 | 82.16 | NOTE | |
r-devel-linux-x86_64-debian-gcc | 1.0 | 2.24 | 58.74 | 60.98 | NOTE | |
r-devel-linux-x86_64-fedora-clang | 1.0 | 96.58 | NOTE | |||
r-devel-linux-x86_64-fedora-gcc | 1.0 | 84.47 | NOTE | |||
r-devel-windows-x86_64 | 1.0 | 20.00 | 104.00 | 124.00 | NOTE | |
r-patched-linux-x86_64 | 1.0 | 2.44 | 75.89 | 78.33 | NOTE | |
r-release-linux-x86_64 | 1.0 | NOTE | ||||
r-release-macos-arm64 | 1.0 | 33.00 | NOTE | |||
r-release-macos-x86_64 | 1.0 | 46.00 | NOTE | |||
r-release-windows-x86_64 | 1.0 | 20.00 | 104.00 | 124.00 | NOTE | |
r-oldrel-macos-arm64 | 1.0 | 38.00 | NOTE | |||
r-oldrel-macos-x86_64 | 1.0 | 48.00 | NOTE | |||
r-oldrel-windows-ix86+x86_64 | 1.0 | 7.00 | 91.00 | 98.00 | NOTE |
Version: 1.0
Check: package dependencies
Result: NOTE
Package suggested but not available for checking: 'dendextendRcpp'
Flavors: r-devel-linux-x86_64-debian-clang, r-devel-linux-x86_64-debian-gcc, r-devel-linux-x86_64-fedora-clang, r-devel-linux-x86_64-fedora-gcc, r-devel-windows-x86_64, r-patched-linux-x86_64, r-release-linux-x86_64, r-release-macos-arm64, r-release-macos-x86_64, r-release-windows-x86_64, r-oldrel-macos-arm64, r-oldrel-macos-x86_64, r-oldrel-windows-ix86+x86_64