CRAN Package Check Results for Package pesel

Last updated on 2023-06-03 07:03:46 CEST.

Flavor Version Tinstall Tcheck Ttotal Status Flags
r-devel-linux-x86_64-debian-clang 0.7.3 2.04 20.55 22.59 NOTE
r-devel-linux-x86_64-debian-gcc 0.7.3 1.68 16.55 18.23 NOTE
r-devel-linux-x86_64-fedora-clang 0.7.3 28.87 NOTE
r-devel-linux-x86_64-fedora-gcc 0.7.3 27.43 NOTE
r-devel-windows-x86_64 0.7.3 2.00 40.00 42.00 NOTE
r-patched-linux-x86_64 0.7.3 NOTE
r-release-linux-x86_64 0.7.3 2.19 20.46 22.65 NOTE
r-release-macos-arm64 0.7.3 15.00 NOTE
r-release-macos-x86_64 0.7.3 19.00 NOTE
r-release-windows-x86_64 0.7.3 4.00 44.00 48.00 NOTE
r-oldrel-macos-arm64 0.7.3 15.00 NOTE
r-oldrel-macos-x86_64 0.7.3 21.00 NOTE
r-oldrel-windows-x86_64 0.7.3 6.00 45.00 51.00 NOTE

Check Details

Version: 0.7.3
Check: LazyData
Result: NOTE
     'LazyData' is specified without a 'data' directory
Flavors: r-devel-linux-x86_64-debian-clang, r-devel-linux-x86_64-debian-gcc, r-devel-linux-x86_64-fedora-clang, r-devel-linux-x86_64-fedora-gcc, r-devel-windows-x86_64, r-patched-linux-x86_64, r-release-linux-x86_64, r-release-macos-arm64, r-release-macos-x86_64, r-release-windows-x86_64, r-oldrel-macos-arm64, r-oldrel-macos-x86_64, r-oldrel-windows-x86_64