Last updated on 2021-02-25 06:47:10 CET.
Flavor | Version | Tinstall | Tcheck | Ttotal | Status | Flags |
---|---|---|---|---|---|---|
r-devel-linux-x86_64-debian-clang | 1.0.0 | 17.82 | 93.27 | 111.09 | OK | |
r-devel-linux-x86_64-debian-gcc | 1.0.0 | 11.25 | 73.72 | 84.97 | OK | |
r-devel-linux-x86_64-fedora-clang | 1.0.0 | 143.86 | OK | |||
r-devel-linux-x86_64-fedora-gcc | 1.0.0 | 128.95 | OK | |||
r-devel-windows-ix86+x86_64 | 1.0.0 | 23.00 | 112.00 | 135.00 | OK | |
r-patched-linux-x86_64 | 1.0.0 | 14.51 | 86.12 | 100.63 | OK | |
r-patched-solaris-x86 | 1.0.0 | 187.80 | OK | |||
r-release-linux-x86_64 | 1.0.0 | 13.96 | 85.17 | 99.13 | OK | |
r-release-macos-x86_64 | 1.0.0 | OK | ||||
r-release-windows-ix86+x86_64 | 1.0.0 | 36.00 | 10.00 | 46.00 | ERROR | |
r-oldrel-macos-x86_64 | 1.0.0 | OK | ||||
r-oldrel-windows-ix86+x86_64 | 1.0.0 | 21.00 | 145.00 | 166.00 | OK |
Version: 1.0.0
Check: whether package can be installed
Result: ERROR
Installation failed.
Flavor: r-release-windows-ix86+x86_64