CRAN Package Check Results for Package pez

Last updated on 2022-01-23 07:14:08 CET.

Flavor Version Tinstall Tcheck Ttotal Status Flags
r-devel-linux-x86_64-debian-clang 1.2-3 21.76 280.67 302.43 OK
r-devel-linux-x86_64-debian-gcc 1.2-3 19.43 220.06 239.49 OK
r-devel-linux-x86_64-fedora-clang 1.2-3 357.17 OK
r-devel-linux-x86_64-fedora-gcc 1.2-3 341.37 OK
r-devel-windows-x86_64-new-UL 1.2-3 53.00 329.00 382.00 OK
r-devel-windows-x86_64-new-TK 1.2-3 NOTE
r-patched-linux-x86_64 1.2-3 28.99 271.67 300.66 OK
r-release-linux-x86_64 1.2-3 18.65 273.92 292.57 OK
r-release-macos-arm64 1.2-3 OK
r-release-macos-x86_64 1.2-3 OK
r-release-windows-ix86+x86_64 1.2-3 51.00 326.00 377.00 OK
r-oldrel-macos-x86_64 1.2-3 OK
r-oldrel-windows-ix86+x86_64 1.2-3 53.00 325.00 378.00 OK

Check Details

Version: 1.2-3
Check: package dependencies
Result: NOTE
    Package suggested but not available for checking: 'lme4'
Flavor: r-devel-windows-x86_64-new-TK

Version: 1.2-3
Check: Rd cross-references
Result: NOTE
    Package unavailable to check Rd xrefs: 'lme4'
Flavor: r-devel-windows-x86_64-new-TK