CRAN Package Check Results for Package pgKDEsphere

Last updated on 2024-06-13 06:58:12 CEST.

Flavor Version Tinstall Tcheck Ttotal Status Flags
r-devel-linux-x86_64-debian-clang 1.0.1 65.01 314.38 379.39 OK
r-devel-linux-x86_64-debian-gcc 1.0.1 0.28 1.80 2.08 ERROR
r-devel-linux-x86_64-fedora-clang 1.0.1 470.71 OK
r-devel-linux-x86_64-fedora-gcc 1.0.1 436.91 OK
r-devel-windows-x86_64 1.0.1 49.00 200.00 249.00 OK
r-patched-linux-x86_64 1.0.1 38.15 285.02 323.17 OK
r-release-linux-x86_64 1.0.1 39.51 296.28 335.79 OK
r-release-macos-arm64 1.0.1 97.00 OK
r-release-macos-x86_64 1.0.1 288.00 OK
r-release-windows-x86_64 1.0.1 50.00 203.00 253.00 OK
r-oldrel-macos-arm64 1.0.1 128.00 OK
r-oldrel-macos-x86_64 1.0.1 224.00 OK
r-oldrel-windows-x86_64 1.0.1 64.00 265.00 329.00 OK

Check Details

Version: 1.0.1
Check: package dependencies
Result: ERROR Package required but not available: ‘Directional’ See section ‘The DESCRIPTION file’ in the ‘Writing R Extensions’ manual. Flavor: r-devel-linux-x86_64-debian-gcc