CRAN Package Check Results for Package phangorn

Last updated on 2020-09-18 06:49:30 CEST.

Flavor Version Tinstall Tcheck Ttotal Status Flags
r-devel-linux-x86_64-debian-clang 2.5.5 49.12 265.27 314.39 OK
r-devel-linux-x86_64-debian-gcc 2.5.5 37.83 202.49 240.32 OK
r-devel-linux-x86_64-fedora-clang 2.5.5 427.07 NOTE
r-devel-linux-x86_64-fedora-gcc 2.5.5 394.86 OK
r-devel-windows-ix86+x86_64 2.5.5 102.00 428.00 530.00 NOTE
r-patched-linux-x86_64 2.5.5 46.92 263.26 310.18 OK
r-patched-solaris-x86 2.5.5 490.30 OK
r-release-linux-x86_64 2.5.5 47.17 269.86 317.03 OK
r-release-macos-x86_64 2.5.5 OK
r-release-windows-ix86+x86_64 2.5.5 105.00 429.00 534.00 NOTE
r-oldrel-macos-x86_64 2.5.5 NOTE
r-oldrel-windows-ix86+x86_64 2.5.5 67.00 399.00 466.00 NOTE

Check Details

Version: 2.5.5
Check: installed package size
Result: NOTE
     installed size is 5.0Mb
     sub-directories of 1Mb or more:
     doc 1.1Mb
     libs 1.7Mb
Flavors: r-devel-linux-x86_64-fedora-clang, r-devel-windows-ix86+x86_64, r-release-windows-ix86+x86_64, r-oldrel-windows-ix86+x86_64

Version: 2.5.5
Check: package dependencies
Result: NOTE
    Package suggested but not available for checking: ‘Biostrings’
Flavor: r-oldrel-macos-x86_64