CRAN Package Check Results for Package pharmaversesdtm

Last updated on 2024-06-20 06:57:19 CEST.

Flavor Version Tinstall Tcheck Ttotal Status Flags
r-devel-linux-x86_64-debian-clang 1.0.0 15.73 40.87 56.60 OK
r-devel-linux-x86_64-debian-gcc 1.0.0 13.23 32.58 45.81 OK
r-devel-linux-x86_64-fedora-clang 1.0.0 74.50 NOTE
r-devel-linux-x86_64-fedora-gcc 1.0.0 68.99 NOTE
r-devel-windows-x86_64 1.0.0 20.00 63.00 83.00 OK
r-patched-linux-x86_64 1.0.0 15.09 38.97 54.06 OK
r-release-linux-x86_64 1.0.0 15.21 39.76 54.97 OK
r-release-macos-arm64 1.0.0 49.00 OK
r-release-macos-x86_64 1.0.0 93.00 OK
r-release-windows-x86_64 1.0.0 21.00 64.00 85.00 OK
r-oldrel-macos-arm64 1.0.0 47.00 OK
r-oldrel-macos-x86_64 1.0.0 96.00 OK
r-oldrel-windows-x86_64 1.0.0 21.00 73.00 94.00 OK

Check Details

Version: 1.0.0
Check: data for non-ASCII characters
Result: NOTE Note: found 3 marked UTF-8 strings Flavors: r-devel-linux-x86_64-fedora-clang, r-devel-linux-x86_64-fedora-gcc