Last updated on 2022-06-26 06:50:44 CEST.
Flavor | Version | Tinstall | Tcheck | Ttotal | Status | Flags |
---|---|---|---|---|---|---|
r-devel-linux-x86_64-debian-clang | 1.7-0 | 10.00 | 82.13 | 92.13 | NOTE | |
r-devel-linux-x86_64-debian-gcc | 1.7-0 | 8.22 | 63.88 | 72.10 | NOTE | |
r-devel-linux-x86_64-fedora-clang | 1.7-0 | 121.86 | NOTE | |||
r-devel-linux-x86_64-fedora-gcc | 1.7-0 | 123.25 | NOTE | |||
r-devel-windows-x86_64 | 1.7-0 | 24.00 | 108.00 | 132.00 | NOTE | |
r-patched-linux-x86_64 | 1.7-0 | 9.24 | 78.55 | 87.79 | OK | |
r-release-linux-x86_64 | 1.7-0 | 9.21 | 80.77 | 89.98 | OK | |
r-release-macos-arm64 | 1.7-0 | 39.00 | OK | |||
r-release-macos-x86_64 | 1.7-0 | 53.00 | OK | |||
r-release-windows-x86_64 | 1.7-0 | 27.00 | 113.00 | 140.00 | OK | |
r-oldrel-macos-arm64 | 1.7-0 | 37.00 | OK | |||
r-oldrel-macos-x86_64 | 1.7-0 | 49.00 | OK | |||
r-oldrel-windows-ix86+x86_64 | 1.7-0 | 25.00 | 131.00 | 156.00 | OK |
Version: 1.7-0
Check: Rd files
Result: NOTE
checkRd: (-1) connectedSets.Rd:27: Escaped LaTeX specials: \_ \_
checkRd: (-1) connectedSets.Rd:29: Escaped LaTeX specials: \_ \_
checkRd: (-1) connectedSets.Rd:31: Escaped LaTeX specials: \_ \_
checkRd: (-1) maxConnectedSet.Rd:35: Escaped LaTeX specials: \_ \_ \_ \_ \_ \_ \_ \_
checkRd: (-1) maxConnectedSet.Rd:37: Escaped LaTeX specials: \_ \_ \_ \_ \_ \_ \_ \_ \_ \_
checkRd: (-1) maxConnectedSet.Rd:39: Escaped LaTeX specials: \_ \_ \_ \_ \_ \_ \_ \_ \_ \_
checkRd: (-1) maxConnectedSet.Rd:41: Escaped LaTeX specials: \_ \_ \_ \_ \_ \_ \_ \_ \_ \_
checkRd: (-1) maxConnectedSet.Rd:45: Escaped LaTeX specials: \_ \_ \_ \_ \_ \_ \_ \_ \_ \_
checkRd: (-1) maxConnectedSet.Rd:47: Escaped LaTeX specials: \_ \_
Flavors: r-devel-linux-x86_64-debian-clang, r-devel-linux-x86_64-debian-gcc, r-devel-linux-x86_64-fedora-clang, r-devel-linux-x86_64-fedora-gcc, r-devel-windows-x86_64