CRAN Package Check Results for Package phenofit

Last updated on 2020-09-28 06:49:55 CEST.

Flavor Version Tinstall Tcheck Ttotal Status Flags
r-devel-linux-x86_64-debian-clang 0.2.7 77.34 177.60 254.94 OK
r-devel-linux-x86_64-debian-gcc 0.2.7 59.12 148.93 208.05 OK
r-devel-linux-x86_64-fedora-clang 0.2.7 326.61 NOTE
r-devel-linux-x86_64-fedora-gcc 0.2.7 305.04 OK
r-devel-windows-ix86+x86_64 0.2.7 189.00 328.00 517.00 OK
r-patched-linux-x86_64 0.2.7 63.25 162.98 226.23 OK
r-patched-solaris-x86 0.2.7 336.50 OK
r-release-linux-x86_64 0.2.7 62.13 161.84 223.97 OK
r-release-macos-x86_64 0.2.7 OK
r-release-windows-ix86+x86_64 0.2.7 190.00 347.00 537.00 OK
r-oldrel-macos-x86_64 0.2.7 OK
r-oldrel-windows-ix86+x86_64 0.2.7 167.00 320.00 487.00 OK

Check Details

Version: 0.2.7
Check: package dependencies
Result: NOTE
    Imports includes 23 non-default packages.
    Importing from so many packages makes the package vulnerable to any of
    them becoming unavailable. Move as many as possible to Suggests and
    use conditionally.
Flavor: r-devel-linux-x86_64-fedora-clang