Last updated on 2021-01-27 06:48:30 CET.
Flavor | Version | Tinstall | Tcheck | Ttotal | Status | Flags |
---|---|---|---|---|---|---|
r-devel-linux-x86_64-debian-clang | 0.2.7 | 83.42 | 177.58 | 261.00 | OK | |
r-devel-linux-x86_64-debian-gcc | 0.2.7 | 54.09 | 152.26 | 206.35 | OK | |
r-devel-linux-x86_64-fedora-clang | 0.2.7 | 327.33 | NOTE | |||
r-devel-linux-x86_64-fedora-gcc | 0.2.7 | 304.16 | OK | |||
r-devel-windows-ix86+x86_64 | 0.2.7 | 191.00 | 298.00 | 489.00 | OK | |
r-patched-linux-x86_64 | 0.2.7 | 67.62 | 162.92 | 230.54 | OK | |
r-patched-solaris-x86 | 0.2.7 | 345.00 | OK | |||
r-release-linux-x86_64 | 0.2.7 | 66.07 | 164.86 | 230.93 | OK | |
r-release-macos-x86_64 | 0.2.7 | OK | ||||
r-release-windows-ix86+x86_64 | 0.2.7 | 182.00 | 253.00 | 435.00 | OK | |
r-oldrel-macos-x86_64 | 0.2.7 | OK | ||||
r-oldrel-windows-ix86+x86_64 | 0.2.7 | 145.00 | 325.00 | 470.00 | OK |
Version: 0.2.7
Check: package dependencies
Result: NOTE
Imports includes 23 non-default packages.
Importing from so many packages makes the package vulnerable to any of
them becoming unavailable. Move as many as possible to Suggests and
use conditionally.
Flavor: r-devel-linux-x86_64-fedora-clang