CRAN Package Check Results for Package phm

Last updated on 2022-06-29 06:53:33 CEST.

Flavor Version Tinstall Tcheck Ttotal Status Flags
r-devel-linux-x86_64-debian-clang 1.1.0 9.61 87.27 96.88 OK
r-devel-linux-x86_64-debian-gcc 1.1.0 8.36 63.26 71.62 OK
r-devel-linux-x86_64-fedora-clang 1.1.0 122.94 WARN
r-devel-linux-x86_64-fedora-gcc 1.1.0 123.63 WARN
r-devel-windows-x86_64 1.1.0 22.00 112.00 134.00 OK
r-patched-linux-x86_64 1.1.0 9.99 79.87 89.86 OK
r-release-linux-x86_64 1.1.0 9.40 80.67 90.07 OK
r-release-macos-arm64 1.1.0 36.00 OK
r-release-macos-x86_64 1.1.0 51.00 OK
r-release-windows-x86_64 1.1.0 23.00 115.00 138.00 OK
r-oldrel-macos-arm64 1.1.0 37.00 OK
r-oldrel-macos-x86_64 1.1.0 48.00 OK
r-oldrel-windows-ix86+x86_64 1.1.0 24.00 104.00 128.00 OK

Check Details

Version: 1.1.0
Check: package dependencies
Result: WARN
    Requires (indirectly) orphaned package: ‘gtools’
Flavors: r-devel-linux-x86_64-fedora-clang, r-devel-linux-x86_64-fedora-gcc