CRAN Package Check Results for Package phonfieldwork

Last updated on 2022-08-15 06:49:15 CEST.

Flavor Version Tinstall Tcheck Ttotal Status Flags
r-devel-linux-x86_64-debian-clang 0.0.11 6.09 68.55 74.64 NOTE
r-devel-linux-x86_64-debian-gcc 0.0.11 4.98 50.99 55.97 NOTE
r-devel-linux-x86_64-fedora-clang 0.0.11 95.92 NOTE
r-devel-linux-x86_64-fedora-gcc 0.0.11 99.65 NOTE
r-devel-windows-x86_64 0.0.11 72.00 105.00 177.00 NOTE
r-patched-linux-x86_64 0.0.11 8.64 63.28 71.92 NOTE
r-release-linux-x86_64 0.0.11 6.36 63.55 69.91 NOTE
r-release-macos-arm64 0.0.11 32.00 NOTE
r-release-macos-x86_64 0.0.11 45.00 NOTE
r-release-windows-x86_64 0.0.11 83.00 105.00 188.00 NOTE
r-oldrel-macos-arm64 0.0.11 37.00 NOTE
r-oldrel-macos-x86_64 0.0.11 47.00 NOTE
r-oldrel-windows-ix86+x86_64 0.0.11 19.00 94.00 113.00 NOTE

Check Details

Version: 0.0.11
Check: LazyData
Result: NOTE
     'LazyData' is specified without a 'data' directory
Flavors: r-devel-linux-x86_64-debian-clang, r-devel-linux-x86_64-debian-gcc, r-devel-linux-x86_64-fedora-clang, r-devel-linux-x86_64-fedora-gcc, r-devel-windows-x86_64, r-patched-linux-x86_64, r-release-linux-x86_64, r-release-macos-arm64, r-release-macos-x86_64, r-release-windows-x86_64, r-oldrel-macos-arm64, r-oldrel-macos-x86_64, r-oldrel-windows-ix86+x86_64