CRAN Package Check Results for Package photobiologyInOut

Last updated on 2022-01-26 06:50:24 CET.

Flavor Version Tinstall Tcheck Ttotal Status Flags
r-devel-linux-x86_64-debian-clang 0.4.23 6.72 122.74 129.46 OK
r-devel-linux-x86_64-debian-gcc 0.4.23 4.57 89.47 94.04 OK
r-devel-linux-x86_64-fedora-clang 0.4.23 143.89 NOTE
r-devel-linux-x86_64-fedora-gcc 0.4.23 137.90 NOTE
r-devel-windows-x86_64-new-UL 0.4.23 251.00 162.00 413.00 OK
r-devel-windows-x86_64-new-TK 0.4.23 NOTE
r-patched-linux-x86_64 0.4.23 4.83 109.58 114.41 OK
r-release-linux-x86_64 0.4.23 5.89 109.61 115.50 OK
r-release-macos-arm64 0.4.23 NOTE
r-release-macos-x86_64 0.4.23 NOTE
r-release-windows-ix86+x86_64 0.4.23 13.00 127.00 140.00 OK
r-oldrel-macos-x86_64 0.4.23 NOTE
r-oldrel-windows-ix86+x86_64 0.4.23 13.00 130.00 143.00 OK

Check Details

Version: 0.4.23
Check: dependencies in R code
Result: NOTE
    Namespace in Imports field not imported from: ‘lazyeval’
     All declared Imports should be used.
Flavors: r-devel-linux-x86_64-fedora-clang, r-devel-linux-x86_64-fedora-gcc, r-devel-windows-x86_64-new-TK, r-release-macos-arm64, r-release-macos-x86_64, r-oldrel-macos-x86_64