CRAN Package Check Results for Package photosynthesis

Last updated on 2020-10-24 06:46:48 CEST.

Flavor Version Tinstall Tcheck Ttotal Status Flags
r-devel-linux-x86_64-debian-clang 2.0.0 11.82 195.43 207.25 OK
r-devel-linux-x86_64-debian-gcc 2.0.0 10.69 140.22 150.91 OK
r-devel-linux-x86_64-fedora-clang 2.0.0 263.41 OK
r-devel-linux-x86_64-fedora-gcc 2.0.0 255.40 OK
r-devel-windows-ix86+x86_64 2.0.0 24.00 282.00 306.00 OK
r-patched-linux-x86_64 2.0.0 13.22 181.88 195.10 OK
r-patched-solaris-x86 2.0.0 584.50 OK
r-release-linux-x86_64 2.0.0 9.78 181.81 191.59 OK
r-release-macos-x86_64 2.0.0 OK
r-release-windows-ix86+x86_64 2.0.0 28.00 222.00 250.00 OK
r-oldrel-macos-x86_64 2.0.0 ERROR
r-oldrel-windows-ix86+x86_64 1.0.2 7.00 126.00 133.00 OK

Check Details

Version: 2.0.0
Check: package dependencies
Result: ERROR
    Packages required and available but unsuitable versions:
     'graphics', 'grDevices', 'stats', 'utils'
    
    See section ‘The DESCRIPTION file’ in the ‘Writing R Extensions’
    manual.
Flavor: r-oldrel-macos-x86_64