CRAN Package Check Results for Package phrases

Last updated on 2024-02-24 06:50:45 CET.

Flavor Version Tinstall Tcheck Ttotal Status Flags
r-devel-linux-x86_64-debian-clang 0.1 2.48 19.02 21.50 OK
r-devel-linux-x86_64-debian-gcc 0.1 1.75 15.44 17.19 OK
r-devel-linux-x86_64-fedora-clang 0.1 28.29 NOTE
r-devel-linux-x86_64-fedora-gcc 0.1 26.99 NOTE
r-devel-windows-x86_64 0.1 4.00 37.00 41.00 OK
r-patched-linux-x86_64 0.1 1.70 18.86 20.56 OK
r-release-linux-x86_64 0.1 1.48 19.01 20.49 OK
r-release-macos-arm64 0.1 16.00 OK
r-release-macos-x86_64 0.1 21.00 OK
r-release-windows-x86_64 0.1 5.00 36.00 41.00 OK
r-oldrel-macos-arm64 0.1 17.00 OK
r-oldrel-windows-x86_64 0.1 5.00 40.00 45.00 OK

Check Details

Version: 0.1
Check: dependencies in R code
Result: NOTE Namespaces in Imports field not imported from: ‘tidyverse’ ‘usethis’ All declared Imports should be used. Flavors: r-devel-linux-x86_64-fedora-clang, r-devel-linux-x86_64-fedora-gcc