CRAN Package Check Results for Package phylolm

Last updated on 2022-01-27 06:48:43 CET.

Flavor Version Tinstall Tcheck Ttotal Status Flags
r-devel-linux-x86_64-debian-clang 2.6.2 7.92 75.82 83.74 OK
r-devel-linux-x86_64-debian-gcc 2.6.2 7.48 57.36 64.84 OK
r-devel-linux-x86_64-fedora-clang 2.6.2 100.66 NOTE
r-devel-linux-x86_64-fedora-gcc 2.6.2 89.91 OK
r-devel-windows-x86_64-new-UL 2.6.2 47.00 100.00 147.00 OK
r-devel-windows-x86_64-new-TK 2.6.2 OK
r-patched-linux-x86_64 2.6.2 8.58 70.41 78.99 OK
r-release-linux-x86_64 2.6.2 8.10 70.78 78.88 OK
r-release-macos-arm64 2.6.2 OK
r-release-macos-x86_64 2.6.2 OK
r-release-windows-ix86+x86_64 2.6.2 21.00 114.00 135.00 OK
r-oldrel-macos-x86_64 2.6.2 OK
r-oldrel-windows-ix86+x86_64 2.6.2 20.00 114.00 134.00 OK

Check Details

Version: 2.6.2
Check: Rd cross-references
Result: NOTE
    Undeclared packages ‘future’, ‘geiger’, ‘caper’ in Rd xrefs
Flavor: r-devel-linux-x86_64-fedora-clang