CRAN Package Check Results for Package phyr

Last updated on 2021-12-05 06:48:50 CET.

Flavor Version Tinstall Tcheck Ttotal Status Flags
r-devel-linux-x86_64-debian-clang 1.1.0 154.33 160.25 314.58 NOTE
r-devel-linux-x86_64-debian-gcc 1.1.0 125.60 120.78 246.38 NOTE
r-devel-linux-x86_64-fedora-clang 1.1.0 654.10 NOTE
r-devel-linux-x86_64-fedora-gcc 1.1.0 628.90 OK
r-devel-windows-x86_64-new-UL 1.1.0 193.00 240.00 433.00 NOTE
r-devel-windows-x86_64-new-TK 1.1.0 NOTE
r-devel-windows-x86_64-old 1.1.0 195.00 148.00 343.00 OK
r-patched-linux-x86_64 1.1.0 142.72 143.50 286.22 NOTE
r-release-linux-x86_64 1.1.0 139.40 150.11 289.51 NOTE
r-release-macos-arm64 1.1.0 NOTE
r-release-macos-x86_64 1.1.0 NOTE
r-release-windows-ix86+x86_64 1.1.0 364.00 243.00 607.00 NOTE
r-oldrel-macos-x86_64 1.1.0 NOTE
r-oldrel-windows-ix86+x86_64 1.1.0 368.00 238.00 606.00 NOTE

Check Details

Version: 1.1.0
Check: package dependencies
Result: NOTE
    Package suggested but not available for checking: 'INLA'
Flavors: r-devel-linux-x86_64-debian-clang, r-devel-linux-x86_64-debian-gcc, r-devel-windows-x86_64-new-UL, r-devel-windows-x86_64-new-TK, r-patched-linux-x86_64, r-release-linux-x86_64, r-release-macos-arm64, r-release-macos-x86_64, r-oldrel-macos-x86_64

Version: 1.1.0
Check: installed package size
Result: NOTE
     installed size is 13.6Mb
     sub-directories of 1Mb or more:
     doc 2.0Mb
     libs 11.0Mb
Flavors: r-devel-linux-x86_64-fedora-clang, r-release-macos-arm64, r-release-macos-x86_64, r-release-windows-ix86+x86_64, r-oldrel-macos-x86_64, r-oldrel-windows-ix86+x86_64