CRAN Package Check Results for Package pinochet

Last updated on 2022-01-25 06:48:44 CET.

Flavor Version Tinstall Tcheck Ttotal Status Flags
r-devel-linux-x86_64-debian-clang 0.1.0 2.17 36.38 38.55 OK
r-devel-linux-x86_64-debian-gcc 0.1.0 1.54 28.86 30.40 OK
r-devel-linux-x86_64-fedora-clang 0.1.0 47.96 NOTE
r-devel-linux-x86_64-fedora-gcc 0.1.0 36.86 NOTE
r-devel-windows-x86_64-new-UL 0.1.0 17.00 60.00 77.00 OK
r-devel-windows-x86_64-new-TK 0.1.0 NOTE
r-patched-linux-x86_64 0.1.0 1.71 33.59 35.30 OK
r-release-linux-x86_64 0.1.0 1.30 33.74 35.04 OK
r-release-macos-arm64 0.1.0 NOTE
r-release-macos-x86_64 0.1.0 NOTE
r-release-windows-ix86+x86_64 0.1.0 5.00 46.00 51.00 OK
r-oldrel-macos-x86_64 0.1.0 NOTE
r-oldrel-windows-ix86+x86_64 0.1.0 5.00 45.00 50.00 OK

Check Details

Version: 0.1.0
Check: data for non-ASCII characters
Result: NOTE
     Note: found 2048 marked UTF-8 strings
Flavors: r-devel-linux-x86_64-fedora-clang, r-devel-linux-x86_64-fedora-gcc, r-devel-windows-x86_64-new-TK, r-release-macos-arm64, r-release-macos-x86_64, r-oldrel-macos-x86_64