CRAN Package Check Results for Package pipefittr

Last updated on 2024-04-20 06:58:50 CEST.

Flavor Version Tinstall Tcheck Ttotal Status Flags
r-devel-linux-x86_64-debian-clang 0.1.2 4.56 41.84 46.40 NOTE
r-devel-linux-x86_64-debian-gcc 0.1.2 3.72 31.65 35.37 NOTE
r-devel-linux-x86_64-fedora-clang 0.1.2 57.30 NOTE
r-devel-linux-x86_64-fedora-gcc 0.1.2 54.14 NOTE
r-prerel-macos-arm64 0.1.2 20.00 NOTE
r-prerel-windows-x86_64 0.1.2 6.00 52.00 58.00 NOTE
r-patched-linux-x86_64 0.1.2 3.98 38.78 42.76 NOTE
r-release-linux-x86_64 0.1.2 4.92 39.95 44.87 NOTE
r-release-macos-arm64 0.1.2 21.00 NOTE
r-release-macos-x86_64 0.1.2 31.00 NOTE
r-release-windows-x86_64 0.1.2 6.00 52.00 58.00 NOTE
r-oldrel-macos-arm64 0.1.2 18.00 NOTE
r-oldrel-windows-x86_64 0.1.2 7.00 62.00 69.00 NOTE

Check Details

Version: 0.1.2
Check: LazyData
Result: NOTE 'LazyData' is specified without a 'data' directory Flavors: r-devel-linux-x86_64-debian-clang, r-devel-linux-x86_64-debian-gcc, r-devel-linux-x86_64-fedora-clang, r-devel-linux-x86_64-fedora-gcc, r-prerel-macos-arm64, r-prerel-windows-x86_64, r-patched-linux-x86_64, r-release-linux-x86_64, r-release-macos-arm64, r-release-macos-x86_64, r-release-windows-x86_64, r-oldrel-macos-arm64, r-oldrel-windows-x86_64