CRAN Package Check Results for Package pivmet

Last updated on 2024-06-13 06:58:12 CEST.

Flavor Version Tinstall Tcheck Ttotal Status Flags
r-devel-linux-x86_64-debian-clang 0.6.0 31.07 450.25 481.32 OK
r-devel-linux-x86_64-debian-gcc 0.6.0 0.35 1.81 2.16 ERROR
r-devel-linux-x86_64-fedora-clang 0.6.0 581.78 OK
r-devel-linux-x86_64-fedora-gcc 0.6.0 516.17 OK
r-devel-windows-x86_64 0.6.0 17.00 334.00 351.00 OK
r-patched-linux-x86_64 0.6.0 21.45 402.38 423.83 OK
r-release-linux-x86_64 0.6.0 20.63 406.65 427.28 OK
r-release-macos-arm64 0.6.0 139.00 OK
r-release-macos-x86_64 0.6.0 337.00 OK
r-release-windows-x86_64 0.6.0 18.00 331.00 349.00 OK
r-oldrel-macos-arm64 0.6.0 220.00 OK
r-oldrel-macos-x86_64 0.6.0 488.00 OK
r-oldrel-windows-x86_64 0.6.0 20.00 393.00 413.00 OK

Check Details

Version: 0.6.0
Check: package dependencies
Result: ERROR Packages required but not available: 'rstan', 'bayesplot' Package suggested but not available for checking: ‘testthat’ See section ‘The DESCRIPTION file’ in the ‘Writing R Extensions’ manual. Flavor: r-devel-linux-x86_64-debian-gcc