CRAN Package Check Results for Package pkgbuild

Last updated on 2020-10-28 05:48:41 CET.

Flavor Version Tinstall Tcheck Ttotal Status Flags
r-devel-linux-x86_64-debian-clang 1.1.0 5.60 46.43 52.03 OK
r-devel-linux-x86_64-debian-gcc 1.1.0 3.45 36.23 39.68 OK
r-devel-linux-x86_64-fedora-clang 1.1.0 70.66 NOTE
r-devel-linux-x86_64-fedora-gcc 1.1.0 60.56 OK
r-devel-windows-ix86+x86_64 1.1.0 10.00 61.00 71.00 OK
r-patched-linux-x86_64 1.1.0 OK
r-patched-solaris-x86 1.1.0 91.10 OK
r-release-linux-x86_64 1.1.0 6.22 44.01 50.23 OK
r-release-macos-x86_64 1.1.0 OK
r-release-windows-ix86+x86_64 1.1.0 9.00 56.00 65.00 OK
r-oldrel-macos-x86_64 1.1.0 OK
r-oldrel-windows-ix86+x86_64 1.1.0 8.00 69.00 77.00 OK

Check Details

Version: 1.1.0
Check: Rd cross-references
Result: NOTE
    Undeclared package ‘processx’ in Rd xrefs
Flavor: r-devel-linux-x86_64-fedora-clang