Last updated on 2023-03-20 05:52:19 CET.
Flavor | Version | Tinstall | Tcheck | Ttotal | Status | Flags |
---|---|---|---|---|---|---|
r-devel-linux-x86_64-debian-clang | 2.0.3 | NOTE | ||||
r-devel-linux-x86_64-debian-gcc | 2.0.3 | 1.01 | 18.01 | 19.02 | NOTE | |
r-devel-linux-x86_64-fedora-clang | 2.0.3 | 32.25 | NOTE | |||
r-devel-linux-x86_64-fedora-gcc | 2.0.3 | 29.78 | NOTE | |||
r-patched-linux-x86_64 | 2.0.3 | 1.30 | 24.85 | 26.15 | NOTE | |
r-release-linux-x86_64 | 2.0.3 | 1.27 | 25.12 | 26.39 | NOTE | |
r-release-macos-arm64 | 2.0.3 | 15.00 | NOTE | |||
r-release-macos-x86_64 | 2.0.3 | 22.00 | NOTE | |||
r-release-windows-x86_64 | 2.0.3 | 26.00 | 61.00 | 87.00 | NOTE | |
r-oldrel-macos-arm64 | 2.0.3 | 19.00 | NOTE | |||
r-oldrel-macos-x86_64 | 2.0.3 | 33.00 | NOTE | |||
r-oldrel-windows-ix86+x86_64 | 2.0.3 | 9.00 | 63.00 | 72.00 | WARN |
Version: 2.0.3
Check: LazyData
Result: NOTE
'LazyData' is specified without a 'data' directory
Flavors: r-devel-linux-x86_64-debian-clang, r-devel-linux-x86_64-debian-gcc, r-devel-linux-x86_64-fedora-clang, r-devel-linux-x86_64-fedora-gcc, r-patched-linux-x86_64, r-release-linux-x86_64, r-release-macos-arm64, r-release-macos-x86_64, r-release-windows-x86_64, r-oldrel-macos-arm64, r-oldrel-macos-x86_64, r-oldrel-windows-ix86+x86_64
Version: 2.0.3
Check: for unstated dependencies in ‘tests’
Result: WARN
Warning: unable to access index for repository https://bioconductor.org/packages/3.14/bioc/src/contrib:
cannot open URL 'https://bioconductor.org/packages/3.14/bioc/src/contrib/PACKAGES'
Warning: unable to access index for repository https://bioconductor.org/packages/3.14/data/annotation/src/contrib:
cannot open URL 'https://bioconductor.org/packages/3.14/data/annotation/src/contrib/PACKAGES'
Warning: unable to access index for repository https://bioconductor.org/packages/3.14/data/experiment/src/contrib:
cannot open URL 'https://bioconductor.org/packages/3.14/data/experiment/src/contrib/PACKAGES'
Flavor: r-oldrel-windows-ix86+x86_64