CRAN Package Check Results for Package pkgconfig

Last updated on 2024-04-17 07:02:36 CEST.

Flavor Version Tinstall Tcheck Ttotal Status Flags
r-devel-linux-x86_64-debian-clang 2.0.3 1.44 22.48 23.92 NOTE
r-devel-linux-x86_64-debian-gcc 2.0.3 1.19 18.14 19.33 NOTE
r-devel-linux-x86_64-fedora-clang 2.0.3 32.96 NOTE
r-devel-linux-x86_64-fedora-gcc 2.0.3 30.65 NOTE
r-prerel-macos-arm64 2.0.3 14.00 NOTE
r-prerel-macos-x86_64 2.0.3 13.00 NOTE
r-prerel-windows-x86_64 2.0.3 4.00 44.00 48.00 NOTE
r-patched-linux-x86_64 2.0.3 1.45 22.36 23.81 NOTE
r-release-linux-x86_64 2.0.3 1.28 22.14 23.42 NOTE
r-release-macos-arm64 2.0.3 17.00 NOTE
r-release-macos-x86_64 2.0.3 19.00 NOTE
r-release-windows-x86_64 2.0.3 4.00 41.00 45.00 NOTE
r-oldrel-macos-arm64 2.0.3 16.00 NOTE
r-oldrel-windows-x86_64 2.0.3 4.00 52.00 56.00 NOTE

Check Details

Version: 2.0.3
Check: LazyData
Result: NOTE 'LazyData' is specified without a 'data' directory Flavors: r-devel-linux-x86_64-debian-clang, r-devel-linux-x86_64-debian-gcc, r-devel-linux-x86_64-fedora-clang, r-devel-linux-x86_64-fedora-gcc, r-prerel-macos-arm64, r-prerel-windows-x86_64, r-patched-linux-x86_64, r-release-linux-x86_64, r-release-macos-arm64, r-release-macos-x86_64, r-release-windows-x86_64, r-oldrel-macos-arm64, r-oldrel-windows-x86_64

Version: 2.0.3
Check: package dependencies
Result: NOTE Packages suggested but not available for checking: 'covr', 'testthat', 'disposables' Flavor: r-prerel-macos-x86_64