Last updated on 2023-12-07 06:51:51 CET.
Flavor | Version | Tinstall | Tcheck | Ttotal | Status | Flags |
---|---|---|---|---|---|---|
r-devel-linux-x86_64-debian-clang | 2.0.7 | 10.18 | 170.71 | 180.89 | NOTE | |
r-devel-linux-x86_64-debian-gcc | 2.0.7 | 8.53 | 129.84 | 138.37 | NOTE | |
r-devel-linux-x86_64-fedora-clang | 2.0.7 | 222.19 | NOTE | |||
r-devel-linux-x86_64-fedora-gcc | 2.0.7 | 221.09 | OK | |||
r-devel-windows-x86_64 | 2.0.7 | 12.00 | 181.00 | 193.00 | OK | |
r-patched-linux-x86_64 | 2.0.7 | 9.67 | 166.42 | 176.09 | OK | |
r-release-linux-x86_64 | 2.0.7 | 8.94 | 162.13 | 171.07 | OK | |
r-release-macos-arm64 | 2.0.7 | 132.00 | OK | |||
r-release-macos-x86_64 | 2.0.7 | 142.00 | OK | |||
r-release-windows-x86_64 | 2.0.7 | 15.00 | 199.00 | 214.00 | OK | |
r-oldrel-macos-arm64 | 2.0.7 | 120.00 | OK | |||
r-oldrel-macos-x86_64 | 2.0.7 | 122.00 | OK | |||
r-oldrel-windows-x86_64 | 2.0.7 | 14.00 | 195.00 | 209.00 | OK |
Version: 2.0.7
Check: Rd files
Result: NOTE
checkRd: (-1) build_reference.Rd:157: Lost braces; missing escapes or markup?
157 | a top-level \code{icons} directory. This should contain {.png} files that are
| ^
Flavors: r-devel-linux-x86_64-debian-clang, r-devel-linux-x86_64-debian-gcc
Version: 2.0.7
Check: Rd cross-references
Result: NOTE
Undeclared package ‘usethis’ in Rd xrefs
Flavor: r-devel-linux-x86_64-fedora-clang