CRAN Package Check Results for Package pkgnet

Last updated on 2020-11-27 06:46:54 CET.

Flavor Version Tinstall Tcheck Ttotal Status Flags
r-devel-linux-x86_64-debian-clang 0.4.1 14.46 50.55 65.01 OK
r-devel-linux-x86_64-debian-gcc 0.4.1 10.27 37.66 47.93 OK
r-devel-linux-x86_64-fedora-clang 0.4.1 75.42 NOTE
r-devel-linux-x86_64-fedora-gcc 0.4.1 66.10 OK
r-devel-windows-ix86+x86_64 0.4.1 19.00 45.00 64.00 OK
r-patched-linux-x86_64 0.4.1 11.90 45.23 57.13 OK
r-patched-solaris-x86 0.4.1 99.60 OK
r-release-linux-x86_64 0.4.1 12.44 44.85 57.29 OK
r-release-macos-x86_64 0.4.1 OK
r-release-windows-ix86+x86_64 0.4.1 22.00 64.00 86.00 OK
r-oldrel-macos-x86_64 0.4.1 OK
r-oldrel-windows-ix86+x86_64 0.4.1 17.00 60.00 77.00 OK

Check Details

Version: 0.4.1
Check: Rd cross-references
Result: NOTE
    Undeclared packages ‘pkgdown’, ‘htmlwidgets’ in Rd xrefs
Flavor: r-devel-linux-x86_64-fedora-clang