CRAN Package Check Results for Package pkr

Last updated on 2020-09-21 06:49:20 CEST.

Flavor Version Tinstall Tcheck Ttotal Status Flags
r-devel-linux-x86_64-debian-clang 0.1.2 5.80 47.69 53.49 NOTE
r-devel-linux-x86_64-debian-gcc 0.1.2 5.27 36.25 41.52 NOTE
r-devel-linux-x86_64-fedora-clang 0.1.2 76.45 NOTE
r-devel-linux-x86_64-fedora-gcc 0.1.2 64.65 NOTE
r-devel-windows-ix86+x86_64 0.1.2 11.00 54.00 65.00 OK
r-patched-linux-x86_64 0.1.2 7.06 47.27 54.33 NOTE
r-patched-solaris-x86 0.1.2 88.20 NOTE
r-release-linux-x86_64 0.1.2 5.09 46.90 51.99 NOTE
r-release-macos-x86_64 0.1.2 OK
r-release-windows-ix86+x86_64 0.1.2 11.00 52.00 63.00 OK
r-oldrel-macos-x86_64 0.1.2 OK
r-oldrel-windows-ix86+x86_64 0.1.2 8.00 64.00 72.00 OK

Check Details

Version: 0.1.2
Check: for non-standard things in the check directory
Result: NOTE
    Found the following files/directories:
     'Indometh_Bolus_Linear_CoreOutput.txt'
     'Indometh_Bolus_Log_CoreOutput.txt'
     'Indometh_Infusion_Linear_CoreOutput.txt'
     'Indometh_Infusion_Log_CoreOutput.txt' 'Output'
     'Theoph_Linear_CoreOutput.txt' 'Theoph_Log_CoreOutput.txt'
Flavors: r-devel-linux-x86_64-debian-clang, r-devel-linux-x86_64-debian-gcc, r-devel-linux-x86_64-fedora-clang, r-devel-linux-x86_64-fedora-gcc, r-patched-linux-x86_64, r-patched-solaris-x86, r-release-linux-x86_64